Last updated on 2024-07-27 01:53:25 CEST.
Flavor | Version | Tinstall | Tcheck | Ttotal | Status | Flags |
---|---|---|---|---|---|---|
r-devel-linux-x86_64-debian-clang | 0.4.1 | 19.50 | 84.88 | 104.38 | NOTE | |
r-devel-linux-x86_64-debian-gcc | 0.4.1 | 14.15 | 65.76 | 79.91 | NOTE | |
r-devel-linux-x86_64-fedora-clang | 0.4.1 | 149.74 | NOTE | |||
r-devel-linux-x86_64-fedora-gcc | 0.4.1 | 146.16 | NOTE | |||
r-devel-windows-x86_64 | 0.4.1 | 20.00 | 96.00 | 116.00 | NOTE | |
r-patched-linux-x86_64 | 0.4.1 | NOTE | ||||
r-release-linux-x86_64 | 0.4.1 | 16.48 | 81.31 | 97.79 | NOTE | |
r-release-macos-arm64 | 0.4.1 | 52.00 | NOTE | |||
r-release-macos-x86_64 | 0.4.1 | 74.00 | NOTE | |||
r-release-windows-x86_64 | 0.4.1 | 22.00 | 135.00 | 157.00 | NOTE | |
r-oldrel-macos-arm64 | 0.4.1 | 56.00 | NOTE | |||
r-oldrel-macos-x86_64 | 0.4.1 | 79.00 | NOTE | |||
r-oldrel-windows-x86_64 | 0.4.1 | 23.00 | 169.00 | 192.00 | NOTE |
Version: 0.4.1
Check: C++ specification
Result: NOTE
Specified C++11: please drop specification unless essential
Flavors: r-devel-linux-x86_64-debian-clang, r-devel-linux-x86_64-debian-gcc, r-devel-linux-x86_64-fedora-clang, r-devel-linux-x86_64-fedora-gcc, r-devel-windows-x86_64, r-patched-linux-x86_64, r-release-linux-x86_64, r-release-macos-arm64, r-release-macos-x86_64, r-release-windows-x86_64, r-oldrel-macos-arm64, r-oldrel-macos-x86_64, r-oldrel-windows-x86_64