Last updated on 2025-10-25 01:51:19 CEST.
| Flavor | Version | Tinstall | Tcheck | Ttotal | Status | Flags |
|---|---|---|---|---|---|---|
| r-devel-linux-x86_64-debian-clang | 1.1.3 | 8.41 | 111.64 | 120.05 | OK | |
| r-devel-linux-x86_64-debian-gcc | 1.1.3 | 6.46 | 132.59 | 139.05 | OK | |
| r-devel-linux-x86_64-fedora-clang | 1.1.3 | 15.00 | 127.88 | 142.88 | OK | |
| r-devel-linux-x86_64-fedora-gcc | 1.1.3 | 16.00 | 168.72 | 184.72 | OK | |
| r-devel-windows-x86_64 | 1.1.3 | 11.00 | 447.00 | 458.00 | OK | |
| r-patched-linux-x86_64 | 1.1.3 | 9.14 | 107.63 | 116.77 | OK | |
| r-release-linux-x86_64 | 1.1.3 | 8.70 | 108.56 | 117.26 | OK | |
| r-release-macos-arm64 | 1.1.3 | 5.00 | 49.00 | 54.00 | OK | |
| r-release-macos-x86_64 | 1.1.3 | 9.00 | 91.00 | 100.00 | OK | |
| r-release-windows-x86_64 | 1.1.3 | 18.00 | 203.00 | 221.00 | OK | |
| r-oldrel-macos-arm64 | 1.1.3 | 5.00 | 54.00 | 59.00 | NOTE | |
| r-oldrel-macos-x86_64 | 1.1.3 | 13.00 | 95.00 | 108.00 | NOTE | |
| r-oldrel-windows-x86_64 | 1.1.3 | 14.00 | 173.00 | 187.00 | OK |
Version: 1.1.3
Check: installed package size
Result: NOTE
installed size is 6.0Mb
sub-directories of 1Mb or more:
data 4.1Mb
doc 1.0Mb
Flavors: r-oldrel-macos-arm64, r-oldrel-macos-x86_64