Last updated on 2024-07-27 01:53:26 CEST.
Flavor | Version | Tinstall | Tcheck | Ttotal | Status | Flags |
---|---|---|---|---|---|---|
r-devel-linux-x86_64-debian-clang | 0.1.0 | 11.26 | 21.29 | 32.55 | OK | |
r-devel-linux-x86_64-debian-gcc | 0.1.0 | 9.30 | 17.10 | 26.40 | OK | |
r-devel-linux-x86_64-fedora-clang | 0.1.0 | 45.85 | NOTE | |||
r-devel-linux-x86_64-fedora-gcc | 0.1.0 | 44.48 | OK | |||
r-devel-windows-x86_64 | 0.1.0 | 10.00 | 38.00 | 48.00 | NOTE | |
r-patched-linux-x86_64 | 0.1.0 | OK | ||||
r-release-linux-x86_64 | 0.1.0 | 11.94 | 20.86 | 32.80 | OK | |
r-release-macos-arm64 | 0.1.0 | 22.00 | NOTE | |||
r-release-macos-x86_64 | 0.1.0 | 28.00 | NOTE | |||
r-release-windows-x86_64 | 0.1.0 | 10.00 | 38.00 | 48.00 | NOTE | |
r-oldrel-macos-arm64 | 0.1.0 | 26.00 | NOTE | |||
r-oldrel-macos-x86_64 | 0.1.0 | 53.00 | NOTE | |||
r-oldrel-windows-x86_64 | 0.1.0 | 10.00 | 40.00 | 50.00 | NOTE |
Version: 0.1.0
Check: installed package size
Result: NOTE
installed size is 12.1Mb
sub-directories of 1Mb or more:
data 12.0Mb
Flavors: r-devel-linux-x86_64-fedora-clang, r-devel-windows-x86_64, r-release-macos-arm64, r-release-macos-x86_64, r-release-windows-x86_64, r-oldrel-macos-arm64, r-oldrel-macos-x86_64, r-oldrel-windows-x86_64