Last updated on 2025-05-08 01:51:24 CEST.
Flavor | Version | Tinstall | Tcheck | Ttotal | Status | Flags |
---|---|---|---|---|---|---|
r-devel-linux-x86_64-debian-clang | 1.0-10 | 3.72 | 37.97 | 41.69 | NOTE | |
r-devel-linux-x86_64-debian-gcc | 1.0-10 | 2.37 | 28.44 | 30.81 | NOTE | |
r-devel-linux-x86_64-fedora-clang | 1.0-10 | 62.99 | OK | |||
r-devel-linux-x86_64-fedora-gcc | 1.0-10 | 74.26 | OK | |||
r-devel-windows-x86_64 | 1.0-10 | 4.00 | 191.00 | 195.00 | OK | |
r-patched-linux-x86_64 | 1.0-10 | 4.44 | 35.79 | 40.23 | OK | |
r-release-linux-x86_64 | 1.0-10 | 3.48 | 36.08 | 39.56 | OK | |
r-release-macos-arm64 | 1.0-10 | 31.00 | OK | |||
r-release-macos-x86_64 | 1.0-10 | 49.00 | OK | |||
r-release-windows-x86_64 | 1.0-10 | 6.00 | 126.00 | 132.00 | OK | |
r-oldrel-macos-arm64 | 1.0-10 | 26.00 | OK | |||
r-oldrel-macos-x86_64 | 1.0-10 | 39.00 | OK | |||
r-oldrel-windows-x86_64 | 1.0-10 | 5.00 | 175.00 | 180.00 | OK |
Version: 1.0-10
Check: CRAN incoming feasibility
Result: NOTE
Maintainer: ‘Rich FitzJohn <rich.fitzjohn@gmail.com>’
Package CITATION file contains call(s) to old-style personList() or
as.personList(). Please use c() on person objects instead.
Package CITATION file contains call(s) to old-style citEntry(). Please
use bibentry() instead.
Flavors: r-devel-linux-x86_64-debian-clang, r-devel-linux-x86_64-debian-gcc