Last updated on 2025-11-16 01:49:34 CET.
| Flavor | Version | Tinstall | Tcheck | Ttotal | Status | Flags |
|---|---|---|---|---|---|---|
| r-devel-linux-x86_64-debian-clang | 0.3.1 | 11.99 | 86.16 | 98.15 | NOTE | |
| r-devel-linux-x86_64-debian-gcc | 0.3.1 | 9.07 | 62.13 | 71.20 | NOTE | |
| r-devel-linux-x86_64-fedora-clang | 0.3.1 | 27.00 | 124.58 | 151.58 | OK | |
| r-devel-linux-x86_64-fedora-gcc | 0.3.1 | 25.00 | 120.88 | 145.88 | OK | |
| r-devel-windows-x86_64 | 0.3.1 | 15.00 | 126.00 | 141.00 | OK | |
| r-patched-linux-x86_64 | 0.3.1 | 11.98 | 81.25 | 93.23 | OK | |
| r-release-linux-x86_64 | 0.3.1 | 11.07 | 81.81 | 92.88 | OK | |
| r-release-macos-arm64 | 0.3.1 | 5.00 | 32.00 | 37.00 | OK | |
| r-release-macos-x86_64 | 0.3.1 | 9.00 | 62.00 | 71.00 | OK | |
| r-release-windows-x86_64 | 0.3.1 | 13.00 | 93.00 | 106.00 | OK | |
| r-oldrel-macos-arm64 | 0.3.1 | 5.00 | 41.00 | 46.00 | OK | |
| r-oldrel-macos-x86_64 | 0.3.1 | 7.00 | 55.00 | 62.00 | OK | |
| r-oldrel-windows-x86_64 | 0.3.1 | 16.00 | 119.00 | 135.00 | OK |
Version: 0.3.1
Check: CRAN incoming feasibility
Result: NOTE
Maintainer: ‘Arden Burrell <arden.burrell@gmail.com>’
Package CITATION file contains call(s) to old-style personList() or
as.personList(). Please use c() on person objects instead.
Package CITATION file contains call(s) to old-style citEntry(). Please
use bibentry() instead.
Flavors: r-devel-linux-x86_64-debian-clang, r-devel-linux-x86_64-debian-gcc