Last updated on 2024-07-27 01:53:26 CEST.
Flavor | Version | Tinstall | Tcheck | Ttotal | Status | Flags |
---|---|---|---|---|---|---|
r-devel-linux-x86_64-debian-clang | 1.1.0 | 51.08 | 159.25 | 210.33 | NOTE | |
r-devel-linux-x86_64-debian-gcc | 1.1.0 | 34.73 | 120.01 | 154.74 | NOTE | |
r-devel-linux-x86_64-fedora-clang | 1.1.0 | 318.71 | NOTE | |||
r-devel-linux-x86_64-fedora-gcc | 1.1.0 | 286.59 | NOTE | |||
r-devel-windows-x86_64 | 1.1.0 | 44.00 | 328.00 | 372.00 | NOTE | |
r-patched-linux-x86_64 | 1.1.0 | NOTE | ||||
r-release-linux-x86_64 | 1.1.0 | 43.23 | 150.50 | 193.73 | NOTE | |
r-release-macos-arm64 | 1.1.0 | 74.00 | NOTE | |||
r-release-macos-x86_64 | 1.1.0 | 110.00 | NOTE | |||
r-release-windows-x86_64 | 1.1.0 | 58.00 | 271.00 | 329.00 | NOTE | |
r-oldrel-macos-arm64 | 1.1.0 | 90.00 | OK | |||
r-oldrel-macos-x86_64 | 1.1.0 | 143.00 | OK | |||
r-oldrel-windows-x86_64 | 1.1.0 | 53.00 | 352.00 | 405.00 | OK |
Version: 1.1.0
Check: Rd files
Result: NOTE
checkRd: (-1) repr_dwt.Rd:28: Lost braces; missing escapes or markup?
28 | The final representation has length equal to floor(n / 2^{level}), where n is a length of original time series.
| ^
Flavors: r-devel-linux-x86_64-debian-clang, r-devel-linux-x86_64-debian-gcc, r-devel-linux-x86_64-fedora-clang, r-devel-linux-x86_64-fedora-gcc, r-devel-windows-x86_64, r-patched-linux-x86_64, r-release-linux-x86_64, r-release-macos-arm64, r-release-macos-x86_64, r-release-windows-x86_64