Last updated on 2025-05-06 02:50:35 CEST.
Flavor | Version | Tinstall | Tcheck | Ttotal | Status | Flags |
---|---|---|---|---|---|---|
r-devel-linux-x86_64-debian-clang | 3.2.1 | 18.83 | 116.37 | 135.20 | OK | |
r-devel-linux-x86_64-debian-gcc | 3.2.1 | 13.53 | 87.07 | 100.60 | OK | |
r-devel-linux-x86_64-fedora-clang | 3.2.1 | 229.13 | OK | |||
r-devel-linux-x86_64-fedora-gcc | 3.2.1 | 213.03 | OK | |||
r-devel-windows-x86_64 | 3.2.1 | 15.00 | 104.00 | 119.00 | OK | |
r-patched-linux-x86_64 | 3.2.1 | 18.00 | 110.79 | 128.79 | OK | |
r-release-linux-x86_64 | 3.2.1 | 17.55 | 110.28 | 127.83 | OK | |
r-release-macos-arm64 | 3.2.1 | 94.00 | OK | |||
r-release-macos-x86_64 | 3.2.1 | 108.00 | OK | |||
r-release-windows-x86_64 | 3.2.1 | 15.00 | 245.00 | 260.00 | OK | |
r-oldrel-macos-arm64 | 3.2.1 | 84.00 | NOTE | |||
r-oldrel-macos-x86_64 | 3.2.1 | 95.00 | NOTE | |||
r-oldrel-windows-x86_64 | 3.2.1 | 21.00 | 125.00 | 146.00 | NOTE |
Version: 3.2.1
Check: LazyData
Result: NOTE
'LazyData' is specified without a 'data' directory
Flavors: r-oldrel-macos-arm64, r-oldrel-macos-x86_64, r-oldrel-windows-x86_64