Last updated on 2025-02-19 01:51:05 CET.
Flavor | Version | Tinstall | Tcheck | Ttotal | Status | Flags |
---|---|---|---|---|---|---|
r-devel-linux-x86_64-debian-clang | 0.2.1 | 5.06 | 45.35 | 50.41 | OK | |
r-devel-linux-x86_64-debian-gcc | 0.2.1 | 3.73 | 32.27 | 36.00 | OK | |
r-devel-linux-x86_64-fedora-clang | 0.2.1 | 83.55 | OK | |||
r-devel-linux-x86_64-fedora-gcc | 0.2.1 | 72.58 | OK | |||
r-devel-macos-arm64 | 0.2.1 | 25.00 | OK | |||
r-devel-macos-x86_64 | 0.2.1 | 46.00 | OK | |||
r-devel-windows-x86_64 | 0.2.1 | 7.00 | 60.00 | 67.00 | OK | |
r-patched-linux-x86_64 | 0.2.1 | 4.86 | 41.27 | 46.13 | OK | |
r-release-linux-x86_64 | 0.2.1 | 4.17 | 41.39 | 45.56 | OK | |
r-release-macos-arm64 | 0.2.1 | 26.00 | OK | |||
r-release-macos-x86_64 | 0.2.1 | 36.00 | OK | |||
r-release-windows-x86_64 | 0.2.1 | 6.00 | 3.00 | 9.00 | FAIL | |
r-oldrel-macos-arm64 | 0.2.1 | 36.00 | OK | |||
r-oldrel-macos-x86_64 | 0.2.1 | 48.00 | OK | |||
r-oldrel-windows-x86_64 | 0.2.1 | 8.00 | 87.00 | 95.00 | OK |
Version: 0.2.1
Check: package dependencies
Result: FAIL
Flavor: r-release-windows-x86_64