Last updated on 2024-07-27 01:53:25 CEST.
Flavor | Version | Tinstall | Tcheck | Ttotal | Status | Flags |
---|---|---|---|---|---|---|
r-devel-linux-x86_64-debian-clang | 2.13 | 13.98 | 104.98 | 118.96 | NOTE | |
r-devel-linux-x86_64-debian-gcc | 2.13 | 12.64 | 77.24 | 89.88 | NOTE | |
r-devel-linux-x86_64-fedora-clang | 2.13 | 148.40 | NOTE | |||
r-devel-linux-x86_64-fedora-gcc | 2.13 | 136.04 | NOTE | |||
r-devel-windows-x86_64 | 2.13 | 15.00 | 261.00 | 276.00 | OK | |
r-patched-linux-x86_64 | 2.13 | NOTE | ||||
r-release-linux-x86_64 | 2.13 | 14.02 | 98.46 | 112.48 | NOTE | |
r-release-macos-arm64 | 2.13 | 39.00 | NOTE | |||
r-release-macos-x86_64 | 2.13 | 106.00 | NOTE | |||
r-release-windows-x86_64 | 2.13 | 15.00 | 196.00 | 211.00 | OK | |
r-oldrel-macos-arm64 | 2.13 | 45.00 | NOTE | |||
r-oldrel-macos-x86_64 | 2.13 | 136.00 | NOTE | |||
r-oldrel-windows-x86_64 | 2.13 | 15.00 | 211.00 | 226.00 | OK |
Version: 2.13
Check: package dependencies
Result: NOTE
Package which this enhances but not available for checking: ‘R2wd’
Flavors: r-devel-linux-x86_64-debian-clang, r-devel-linux-x86_64-debian-gcc, r-devel-linux-x86_64-fedora-clang, r-devel-linux-x86_64-fedora-gcc, r-patched-linux-x86_64, r-release-linux-x86_64, r-release-macos-arm64, r-release-macos-x86_64, r-oldrel-macos-arm64, r-oldrel-macos-x86_64