Last updated on 2025-10-01 02:54:34 CEST.
Flavor | Version | Tinstall | Tcheck | Ttotal | Status | Flags |
---|---|---|---|---|---|---|
r-devel-linux-x86_64-debian-clang | 2.4 | 4.62 | 46.84 | 51.46 | NOTE | |
r-devel-linux-x86_64-debian-gcc | 2.4 | 3.68 | 33.21 | 36.89 | NOTE | |
r-devel-linux-x86_64-fedora-clang | 2.4 | 79.01 | OK | |||
r-devel-linux-x86_64-fedora-gcc | 2.4 | 76.48 | OK | |||
r-devel-windows-x86_64 | 2.4 | 9.00 | 68.00 | 77.00 | OK | |
r-patched-linux-x86_64 | 2.4 | 5.16 | 42.92 | 48.08 | OK | |
r-release-linux-x86_64 | 2.4 | 4.72 | 44.11 | 48.83 | OK | |
r-release-macos-arm64 | 2.4 | 27.00 | OK | |||
r-release-macos-x86_64 | 2.4 | 50.00 | OK | |||
r-release-windows-x86_64 | 2.4 | 8.00 | 68.00 | 76.00 | OK | |
r-oldrel-macos-arm64 | 2.4 | 31.00 | OK | |||
r-oldrel-macos-x86_64 | 2.4 | 41.00 | OK | |||
r-oldrel-windows-x86_64 | 2.4 | 9.00 | 76.00 | 85.00 | OK |
Version: 2.4
Check: CRAN incoming feasibility
Result: NOTE
Maintainer: ‘Josef Leydold <josef.leydold@wu.ac.at>’
No Authors@R field in DESCRIPTION.
Please add one, modifying
Authors@R: c(person(given = "Josef",
family = "Leydold",
role = c("aut", "cre"),
email = "josef.leydold@wu.ac.at"),
person(given = "Carsten",
family = "Botts",
role = "aut"),
person(given = "Wolfgang",
family = "H\\\"ormann",
role = "aut"))
as necessary.
Flavors: r-devel-linux-x86_64-debian-clang, r-devel-linux-x86_64-debian-gcc