Last updated on 2025-02-14 02:49:57 CET.
Flavor | Version | Tinstall | Tcheck | Ttotal | Status | Flags |
---|---|---|---|---|---|---|
r-devel-linux-x86_64-debian-clang | 1.0.2 | 7.97 | 96.39 | 104.36 | NOTE | |
r-devel-linux-x86_64-debian-gcc | 1.0.2 | 6.41 | 80.91 | 87.32 | NOTE | |
r-devel-linux-x86_64-fedora-clang | 1.0.2 | 169.92 | OK | |||
r-devel-linux-x86_64-fedora-gcc | 1.0.2 | 163.87 | OK | |||
r-devel-windows-x86_64 | 1.0.2 | 9.00 | 105.00 | 114.00 | NOTE | |
r-patched-linux-x86_64 | 1.0.2 | 11.78 | 89.95 | 101.73 | OK | |
r-release-linux-x86_64 | 1.0.2 | 8.19 | 91.48 | 99.67 | OK | |
r-release-macos-arm64 | 1.0.2 | 58.00 | OK | |||
r-release-macos-x86_64 | 1.0.2 | 80.00 | OK | |||
r-release-windows-x86_64 | 1.0.2 | 9.00 | 103.00 | 112.00 | OK | |
r-oldrel-macos-arm64 | 1.0.2 | 58.00 | OK | |||
r-oldrel-macos-x86_64 | 1.0.2 | 92.00 | OK | |||
r-oldrel-windows-x86_64 | 1.0.2 | 12.00 | 123.00 | 135.00 | OK |
Version: 1.0.2
Check: Rd cross-references
Result: NOTE
Found the following Rd file(s) with Rd \link{} targets missing package
anchors:
Tlasso.fit.Rd: huge
Please provide package anchors for all Rd \link{} targets not in the
package itself and the base packages.
Flavors: r-devel-linux-x86_64-debian-clang, r-devel-linux-x86_64-debian-gcc, r-devel-windows-x86_64