Last updated on 2025-05-07 01:50:17 CEST.
Flavor | Version | Tinstall | Tcheck | Ttotal | Status | Flags |
---|---|---|---|---|---|---|
r-devel-linux-x86_64-debian-clang | 1.0.3 | 2.92 | 20.11 | 23.03 | NOTE | |
r-devel-linux-x86_64-debian-gcc | 1.0.3 | 1.97 | 15.85 | 17.82 | NOTE | |
r-devel-linux-x86_64-fedora-clang | 1.0.3 | 36.29 | OK | |||
r-devel-linux-x86_64-fedora-gcc | 1.0.3 | 34.23 | OK | |||
r-devel-windows-x86_64 | 1.0.3 | 4.00 | 44.00 | 48.00 | OK | |
r-patched-linux-x86_64 | 1.0.3 | 3.05 | 19.17 | 22.22 | OK | |
r-release-linux-x86_64 | 1.0.3 | 2.35 | 19.58 | 21.93 | OK | |
r-release-macos-arm64 | 1.0.3 | 15.00 | OK | |||
r-release-macos-x86_64 | 1.0.3 | 24.00 | OK | |||
r-release-windows-x86_64 | 1.0.3 | 5.00 | 50.00 | 55.00 | OK | |
r-oldrel-macos-arm64 | 1.0.3 | 15.00 | OK | |||
r-oldrel-macos-x86_64 | 1.0.3 | 20.00 | OK | |||
r-oldrel-windows-x86_64 | 1.0.3 | 3.00 | 41.00 | 44.00 | OK |
Version: 1.0.3
Check: CRAN incoming feasibility
Result: NOTE
Maintainer: ‘Junhui Li <junhuili@cau.edu.cn>’
No Authors@R field in DESCRIPTION.
Please add one, modifying
Authors@R: person(given = "Junhui",
family = "Li",
role = c("aut", "cre"),
email = "junhuili@cau.edu.cn")
as necessary.
Flavors: r-devel-linux-x86_64-debian-clang, r-devel-linux-x86_64-debian-gcc