Last updated on 2024-07-27 01:53:26 CEST.
Flavor | Version | Tinstall | Tcheck | Ttotal | Status | Flags |
---|---|---|---|---|---|---|
r-devel-linux-x86_64-debian-clang | 2.7.0 | 59.15 | 319.87 | 379.02 | NOTE | |
r-devel-linux-x86_64-debian-gcc | 2.7.0 | 39.75 | 239.11 | 278.86 | NOTE | |
r-devel-linux-x86_64-fedora-clang | 2.8.0 | 436.85 | NOTE | |||
r-devel-linux-x86_64-fedora-gcc | 2.8.0 | 469.93 | NOTE | |||
r-devel-windows-x86_64 | 2.7.0 | 50.00 | 266.00 | 316.00 | NOTE | |
r-patched-linux-x86_64 | 2.7.0 | NOTE | ||||
r-release-linux-x86_64 | 2.7.0 | 51.32 | 297.99 | 349.31 | NOTE | |
r-release-macos-arm64 | 2.8.0 | 125.00 | NOTE | |||
r-release-macos-x86_64 | 2.8.0 | 328.00 | NOTE | |||
r-release-windows-x86_64 | 2.8.0 | 54.00 | 230.00 | 284.00 | NOTE | |
r-oldrel-macos-arm64 | 2.8.0 | 165.00 | NOTE | |||
r-oldrel-macos-x86_64 | 2.8.0 | 287.00 | NOTE | |||
r-oldrel-windows-x86_64 | 2.7.0 | 59.00 | 340.00 | 399.00 | NOTE |
Version: 2.7.0
Check: package dependencies
Result: NOTE
Package suggested but not available for checking: ‘TreeDistData’
Flavors: r-devel-linux-x86_64-debian-clang, r-devel-linux-x86_64-debian-gcc, r-devel-windows-x86_64, r-patched-linux-x86_64, r-release-linux-x86_64, r-oldrel-windows-x86_64
Version: 2.8.0
Check: package dependencies
Result: NOTE
Package suggested but not available for checking: ‘TreeDistData’
Flavors: r-devel-linux-x86_64-fedora-clang, r-devel-linux-x86_64-fedora-gcc, r-release-macos-arm64, r-release-macos-x86_64, r-release-windows-x86_64, r-oldrel-macos-arm64, r-oldrel-macos-x86_64
Version: 2.8.0
Check: installed package size
Result: NOTE
installed size is 6.1Mb
sub-directories of 1Mb or more:
doc 5.0Mb
Flavors: r-devel-linux-x86_64-fedora-clang, r-release-macos-arm64, r-release-macos-x86_64, r-release-windows-x86_64, r-oldrel-macos-arm64, r-oldrel-macos-x86_64
Version: 2.7.0
Check: installed package size
Result: NOTE
installed size is 6.7Mb
sub-directories of 1Mb or more:
doc 5.0Mb
libs 1.1Mb
Flavors: r-devel-windows-x86_64, r-oldrel-windows-x86_64