Last updated on 2025-10-24 01:50:44 CEST.
| Flavor | Version | Tinstall | Tcheck | Ttotal | Status | Flags |
|---|---|---|---|---|---|---|
| r-devel-linux-x86_64-debian-clang | 0.0.4.5 | 40.49 | 613.03 | 653.52 | NOTE | |
| r-devel-linux-x86_64-debian-gcc | 0.0.4.5 | 30.69 | 342.26 | 372.95 | OK | |
| r-devel-linux-x86_64-fedora-clang | 0.0.4.5 | 83.00 | 900.05 | 983.05 | OK | |
| r-devel-linux-x86_64-fedora-gcc | 0.0.4.5 | 85.00 | 873.21 | 958.21 | OK | |
| r-devel-windows-x86_64 | 0.0.4.5 | 44.00 | 570.00 | 614.00 | OK | |
| r-patched-linux-x86_64 | 0.0.4.5 | 40.95 | 522.39 | 563.34 | OK | |
| r-release-linux-x86_64 | 0.0.4.5 | 38.36 | 530.05 | 568.41 | OK | |
| r-release-macos-arm64 | 0.0.4.5 | 22.00 | 194.00 | 216.00 | OK | |
| r-release-macos-x86_64 | 0.0.4.5 | 39.00 | 605.00 | 644.00 | OK | |
| r-release-windows-x86_64 | 0.0.4.5 | 47.00 | 570.00 | 617.00 | OK | |
| r-oldrel-macos-arm64 | 0.0.4.5 | 23.00 | 217.00 | 240.00 | OK | |
| r-oldrel-macos-x86_64 | 0.0.4.5 | 39.00 | 557.00 | 596.00 | OK | |
| r-oldrel-windows-x86_64 | 0.0.4.5 | 59.00 | 741.00 | 800.00 | OK |
Version: 0.0.4.5
Check: HTML version of manual
Result: NOTE
Found the following HTML validation problems:
censor_func.html:40:1 (censor_func.Rd:7): Warning: missing </ul> before </div>
data_manipulation.html:50:1 (data_manipulation.Rd:12): Warning: missing </ul> before </div>
expand.html:80:1 (expand.Rd:32): Warning: missing </ul> before </div>
internal-methods.html:97:1 (internal-methods.Rd:49): Warning: missing </ul> before </div>
Flavor: r-devel-linux-x86_64-debian-clang