Last updated on 2024-07-27 01:53:26 CEST.
Flavor | Version | Tinstall | Tcheck | Ttotal | Status | Flags |
---|---|---|---|---|---|---|
r-devel-linux-x86_64-debian-clang | 1.6.4 | 19.54 | 151.86 | 171.40 | NOTE | --no-vignettes |
r-devel-linux-x86_64-debian-gcc | 1.6.4 | 13.41 | 111.04 | 124.45 | NOTE | --no-vignettes |
r-devel-linux-x86_64-fedora-clang | 1.6.4 | 1020.15 | NOTE | |||
r-devel-linux-x86_64-fedora-gcc | 1.6.4 | 1008.12 | NOTE | |||
r-devel-windows-x86_64 | 1.6.4 | 18.00 | 192.00 | 210.00 | NOTE | --no-vignettes |
r-patched-linux-x86_64 | 1.6.4 | NOTE | --no-vignettes | |||
r-release-linux-x86_64 | 1.6.4 | 16.82 | 144.24 | 161.06 | NOTE | --no-vignettes |
r-release-macos-arm64 | 1.6.4 | 331.00 | OK | |||
r-release-macos-x86_64 | 1.6.4 | 542.00 | OK | |||
r-release-windows-x86_64 | 1.6.4 | 17.00 | 194.00 | 211.00 | NOTE | --no-vignettes |
r-oldrel-macos-arm64 | 1.6.4 | 323.00 | OK | |||
r-oldrel-macos-x86_64 | 1.6.4 | 747.00 | OK | |||
r-oldrel-windows-x86_64 | 1.6.4 | 23.00 | 177.00 | 200.00 | OK | --no-vignettes |
Version: 1.6.4
Flags: --no-vignettes
Check: HTML version of manual
Result: NOTE
Found the following HTML validation problems:
ypr_sel.html:113:1 (ypr_sel.Rd:31): Warning: trimming empty <li>
ypr_sel.html:112:1 (ypr_sel.Rd:31): Warning: trimming empty <ul>
Flavors: r-devel-linux-x86_64-debian-clang, r-devel-linux-x86_64-debian-gcc, r-devel-windows-x86_64, r-patched-linux-x86_64, r-release-linux-x86_64, r-release-windows-x86_64
Version: 1.6.4
Flags: --no-vignettes
Check: Rd cross-references
Result: NOTE
Found the following Rd file(s) with Rd \link{} targets missing package
anchors:
growth_length_age.Rd: predictNLS, propagate
Please provide package anchors for all Rd \link{} targets not in the
package itself and the base packages.
Flavors: r-devel-linux-x86_64-debian-gcc, r-devel-windows-x86_64
Version: 1.6.4
Check: HTML version of manual
Result: NOTE
Found the following HTML validation problems:
ypr_sel.html:113:1 (ypr_sel.Rd:31): Warning: trimming empty <li>
ypr_sel.html:112:1 (ypr_sel.Rd:31): Warning: trimming empty <ul>
Flavors: r-devel-linux-x86_64-fedora-clang, r-devel-linux-x86_64-fedora-gcc