Last updated on 2025-05-05 01:51:07 CEST.
Flavor | Version | Tinstall | Tcheck | Ttotal | Status | Flags |
---|---|---|---|---|---|---|
r-devel-linux-x86_64-debian-clang | 0.1.10 | 3.90 | 35.46 | 39.36 | NOTE | |
r-devel-linux-x86_64-debian-gcc | 0.1.10 | 2.83 | 25.22 | 28.05 | NOTE | |
r-devel-linux-x86_64-fedora-clang | 0.1.10 | 65.20 | OK | |||
r-devel-linux-x86_64-fedora-gcc | 0.1.10 | 61.14 | OK | |||
r-devel-windows-x86_64 | 0.1.10 | 4.00 | 52.00 | 56.00 | OK | |
r-patched-linux-x86_64 | 0.1.10 | 4.20 | 34.34 | 38.54 | OK | |
r-release-linux-x86_64 | 0.1.10 | 3.32 | 33.46 | 36.78 | OK | |
r-release-macos-arm64 | 0.1.10 | 21.00 | OK | |||
r-release-macos-x86_64 | 0.1.10 | 39.00 | OK | |||
r-release-windows-x86_64 | 0.1.10 | 4.00 | 55.00 | 59.00 | OK | |
r-oldrel-macos-arm64 | 0.1.10 | 19.00 | OK | |||
r-oldrel-macos-x86_64 | 0.1.10 | 33.00 | OK | |||
r-oldrel-windows-x86_64 | 0.1.10 | 4.00 | 51.00 | 55.00 | OK |
Version: 0.1.10
Check: CRAN incoming feasibility
Result: NOTE
Maintainer: ‘Chia-Wei Hsu <Chia-Wei.Hsu@stjude.org>’
No Authors@R field in DESCRIPTION.
Please add one, modifying
Authors@R: c(person(given = "Chia-Wei",
family = "Hsu",
role = c("aut", "cre"),
email = "chia-wei.hsu@stjude.org"),
person(given = "Haitao",
family = "Pan",
role = "aut"),
person(given = "Rongji",
family = "Mu",
role = "aut"))
as necessary.
Flavors: r-devel-linux-x86_64-debian-clang, r-devel-linux-x86_64-debian-gcc