CRAN Package Check Results for Package UtilityFrailtyPH12

Last updated on 2025-07-24 02:52:29 CEST.

Flavor Version Tinstall Tcheck Ttotal Status Flags
r-devel-linux-x86_64-debian-clang 1.0 25.15 59.26 84.41 NOTE
r-devel-linux-x86_64-debian-gcc 1.0 17.24 44.20 61.44 NOTE
r-devel-linux-x86_64-fedora-clang 1.0 140.24 NOTE
r-devel-linux-x86_64-fedora-gcc 1.0 130.16 NOTE
r-devel-windows-x86_64 1.0 29.00 92.00 121.00 NOTE
r-patched-linux-x86_64 1.0 23.02 57.37 80.39 NOTE
r-release-linux-x86_64 1.0 21.58 56.97 78.55 NOTE
r-release-macos-arm64 1.0 42.00 NOTE
r-release-macos-x86_64 1.0 81.00 NOTE
r-release-windows-x86_64 1.0 30.00 93.00 123.00 NOTE
r-oldrel-macos-arm64 1.0 39.00 NOTE
r-oldrel-macos-x86_64 1.0 59.00 NOTE
r-oldrel-windows-x86_64 1.0 36.00 112.00 148.00 NOTE

Check Details

Version: 1.0
Check: CRAN incoming feasibility
Result: NOTE Maintainer: ‘Andrew G Chapple <achapp@lsuhsc.edu>’ No Authors@R field in DESCRIPTION. Please add one, modifying Authors@R: person(given = c("Andrew", "G"), family = "Chapple", role = c("aut", "cre"), email = "achapp@lsuhsc.edu") as necessary. Flavors: r-devel-linux-x86_64-debian-clang, r-devel-linux-x86_64-debian-gcc

Version: 1.0
Check: C++ specification
Result: NOTE Specified C++11: please drop specification unless essential Flavors: r-devel-linux-x86_64-debian-clang, r-devel-linux-x86_64-debian-gcc, r-devel-linux-x86_64-fedora-clang, r-devel-linux-x86_64-fedora-gcc, r-devel-windows-x86_64, r-patched-linux-x86_64, r-release-linux-x86_64, r-release-macos-arm64, r-release-macos-x86_64, r-release-windows-x86_64, r-oldrel-macos-arm64, r-oldrel-macos-x86_64, r-oldrel-windows-x86_64