Last updated on 2024-07-27 01:53:27 CEST.
Flavor | Version | Tinstall | Tcheck | Ttotal | Status | Flags |
---|---|---|---|---|---|---|
r-devel-linux-x86_64-debian-clang | 1.1-11 | 126.37 | 757.75 | 884.12 | OK | |
r-devel-linux-x86_64-debian-gcc | 1.1-11 | 83.23 | 518.85 | 602.08 | NOTE | |
r-devel-linux-x86_64-fedora-clang | 1.1-11 | 1052.04 | NOTE | |||
r-devel-linux-x86_64-fedora-gcc | 1.1-11 | 974.59 | OK | |||
r-devel-windows-x86_64 | 1.1-11 | 107.00 | 638.00 | 745.00 | NOTE | |
r-patched-linux-x86_64 | 1.1-11 | OK | ||||
r-release-linux-x86_64 | 1.1-11 | 123.29 | 715.11 | 838.40 | OK | |
r-release-macos-arm64 | 1.1-11 | 235.00 | NOTE | |||
r-release-macos-x86_64 | 1.1-11 | 337.00 | NOTE | |||
r-release-windows-x86_64 | 1.1-11 | 115.00 | 632.00 | 747.00 | NOTE | |
r-oldrel-macos-arm64 | 1.1-11 | 226.00 | NOTE | |||
r-oldrel-macos-x86_64 | 1.1-11 | 788.00 | NOTE | |||
r-oldrel-windows-x86_64 | 1.1-11 | 115.00 | 787.00 | 902.00 | NOTE |
Version: 1.1-11
Check: Rd cross-references
Result: NOTE
Found the following Rd file(s) with Rd \link{} targets missing package
anchors:
cens.poisson.Rd: Surv
hdeff.Rd: coxph
simplex.Rd: rig
Please provide package anchors for all Rd \link{} targets not in the
package itself and the base packages.
Flavors: r-devel-linux-x86_64-debian-gcc, r-devel-windows-x86_64
Version: 1.1-11
Check: installed package size
Result: NOTE
installed size is 8.3Mb
sub-directories of 1Mb or more:
R 4.3Mb
help 3.2Mb
Flavors: r-devel-linux-x86_64-fedora-clang, r-devel-windows-x86_64, r-release-macos-arm64, r-release-macos-x86_64, r-release-windows-x86_64, r-oldrel-macos-arm64, r-oldrel-macos-x86_64, r-oldrel-windows-x86_64