Last updated on 2025-11-15 03:50:34 CET.
| Flavor | Version | Tinstall | Tcheck | Ttotal | Status | Flags |
|---|---|---|---|---|---|---|
| r-devel-linux-x86_64-debian-clang | 0.2.6 | 91.94 | 44.83 | 136.77 | NOTE | |
| r-devel-linux-x86_64-debian-gcc | 0.2.6 | 66.89 | 35.22 | 102.11 | NOTE | |
| r-devel-linux-x86_64-fedora-clang | 0.2.6 | 171.00 | 79.75 | 250.75 | NOTE | |
| r-devel-linux-x86_64-fedora-gcc | 0.2.6 | 158.00 | 84.37 | 242.37 | NOTE | |
| r-devel-windows-x86_64 | 0.2.6 | 203.00 | 86.00 | 289.00 | NOTE | |
| r-patched-linux-x86_64 | 0.2.6 | 87.95 | 42.31 | 130.26 | NOTE | |
| r-release-linux-x86_64 | 0.2.6 | 91.00 | 41.48 | 132.48 | NOTE | |
| r-release-macos-arm64 | 0.2.6 | 35.00 | 24.00 | 59.00 | NOTE | |
| r-release-macos-x86_64 | 0.2.6 | 30.00 | 40.00 | 70.00 | NOTE | |
| r-release-windows-x86_64 | 0.2.6 | 143.00 | 82.00 | 225.00 | NOTE | |
| r-oldrel-macos-arm64 | 0.2.6 | 36.00 | 22.00 | 58.00 | NOTE | |
| r-oldrel-macos-x86_64 | 0.2.6 | 27.00 | 35.00 | 62.00 | NOTE | |
| r-oldrel-windows-x86_64 | 0.2.6 | 165.00 | 104.00 | 269.00 | NOTE |
Version: 0.2.6
Check: Rd files
Result: NOTE
checkRd: (-1) vic_param.Rd:311: Lost braces
311 | albedo must be supplied in code{forcing_veg}. Default = 1.}
| ^
checkRd: (-1) vic_param.Rd:323: Lost braces
323 | supplied in code{forcing_veg}. Default = 1.}
| ^
checkRd: (-1) vic_param.Rd:341: Lost braces
341 | be supplied in code{forcing_veg} Default = 0.}
| ^
Flavors: r-devel-linux-x86_64-debian-clang, r-devel-linux-x86_64-debian-gcc, r-devel-linux-x86_64-fedora-clang, r-devel-linux-x86_64-fedora-gcc, r-devel-windows-x86_64, r-patched-linux-x86_64, r-release-linux-x86_64, r-release-macos-arm64, r-release-macos-x86_64, r-release-windows-x86_64, r-oldrel-macos-arm64, r-oldrel-macos-x86_64, r-oldrel-windows-x86_64