Last updated on 2024-07-27 01:53:27 CEST.
Flavor | Version | Tinstall | Tcheck | Ttotal | Status | Flags |
---|---|---|---|---|---|---|
r-devel-linux-x86_64-debian-clang | 6.2.2 | 34.52 | 233.15 | 267.67 | OK | |
r-devel-linux-x86_64-debian-gcc | 6.2.2 | 22.91 | 171.33 | 194.24 | NOTE | |
r-devel-linux-x86_64-fedora-clang | 6.2.2 | 362.93 | NOTE | |||
r-devel-linux-x86_64-fedora-gcc | 6.2.2 | 360.93 | NOTE | |||
r-devel-windows-x86_64 | 6.2.2 | 34.00 | 194.00 | 228.00 | NOTE | |
r-patched-linux-x86_64 | 6.2.2 | OK | ||||
r-release-linux-x86_64 | 6.2.2 | 22.70 | 220.54 | 243.24 | OK | |
r-release-macos-arm64 | 6.2.2 | 92.00 | NOTE | |||
r-release-macos-x86_64 | 6.2.2 | 135.00 | NOTE | |||
r-release-windows-x86_64 | 6.2.2 | 36.00 | 195.00 | 231.00 | NOTE | |
r-oldrel-macos-arm64 | 6.2.2 | 99.00 | NOTE | |||
r-oldrel-macos-x86_64 | 6.2.2 | 172.00 | NOTE | |||
r-oldrel-windows-x86_64 | 6.2.2 | 43.00 | 251.00 | 294.00 | NOTE |
Version: 6.2.2
Check: Rd cross-references
Result: NOTE
Found the following Rd file(s) with Rd \link{} targets missing package
anchors:
regressionImp.Rd: lmrob, glmrob
Please provide package anchors for all Rd \link{} targets not in the
package itself and the base packages.
Flavors: r-devel-linux-x86_64-debian-gcc, r-devel-windows-x86_64
Version: 6.2.2
Check: dependencies in R code
Result: NOTE
Namespace in Imports field not imported from: ‘magrittr’
All declared Imports should be used.
Flavors: r-devel-linux-x86_64-fedora-clang, r-devel-linux-x86_64-fedora-gcc
Version: 6.2.2
Check: Rd cross-references
Result: NOTE
Undeclared package ‘mi’ in Rd xrefs
Flavor: r-devel-linux-x86_64-fedora-clang
Version: 6.2.2
Check: data for non-ASCII characters
Result: NOTE
Note: found 2754 marked UTF-8 strings
Flavors: r-devel-linux-x86_64-fedora-clang, r-devel-linux-x86_64-fedora-gcc
Version: 6.2.2
Check: installed package size
Result: NOTE
installed size is 5.1Mb
sub-directories of 1Mb or more:
doc 2.7Mb
Flavors: r-devel-windows-x86_64, r-release-macos-arm64, r-release-macos-x86_64, r-release-windows-x86_64, r-oldrel-macos-arm64, r-oldrel-macos-x86_64, r-oldrel-windows-x86_64