Last updated on 2024-07-27 01:53:27 CEST.
Flavor | Version | Tinstall | Tcheck | Ttotal | Status | Flags |
---|---|---|---|---|---|---|
r-devel-linux-x86_64-debian-clang | 2.5.0 | 36.65 | 163.66 | 200.31 | NOTE | |
r-devel-linux-x86_64-debian-gcc | 2.5.0 | 27.28 | 113.47 | 140.75 | NOTE | |
r-devel-linux-x86_64-fedora-clang | 2.5.0 | 234.27 | NOTE | |||
r-devel-linux-x86_64-fedora-gcc | 2.5.0 | 230.36 | NOTE | |||
r-devel-windows-x86_64 | 2.5.0 | 38.00 | 150.00 | 188.00 | NOTE | |
r-patched-linux-x86_64 | 2.5.0 | NOTE | ||||
r-release-linux-x86_64 | 2.5.0 | 36.34 | 148.61 | 184.95 | NOTE | |
r-release-macos-arm64 | 2.5.0 | 55.00 | NOTE | |||
r-release-macos-x86_64 | 2.5.0 | 92.00 | NOTE | |||
r-release-windows-x86_64 | 2.5.0 | 39.00 | 152.00 | 191.00 | NOTE | |
r-oldrel-macos-arm64 | 2.5.0 | 67.00 | OK | |||
r-oldrel-macos-x86_64 | 2.5.0 | 175.00 | OK | |||
r-oldrel-windows-x86_64 | 2.5.0 | 40.00 | 176.00 | 216.00 | OK |
Version: 2.5.0
Check: Rd files
Result: NOTE
checkRd: (-1) RVineMatrix.Rd:90: Lost braces in \itemize; \value handles \item{}{} directly
checkRd: (-1) RVineMatrix.Rd:91: Lost braces in \itemize; \value handles \item{}{} directly
checkRd: (-1) RVineMatrix.Rd:92: Lost braces in \itemize; \value handles \item{}{} directly
Flavors: r-devel-linux-x86_64-debian-clang, r-devel-linux-x86_64-debian-gcc, r-devel-linux-x86_64-fedora-clang, r-devel-linux-x86_64-fedora-gcc, r-devel-windows-x86_64, r-patched-linux-x86_64, r-release-linux-x86_64, r-release-macos-arm64, r-release-macos-x86_64, r-release-windows-x86_64
Version: 2.5.0
Check: HTML version of manual
Result: NOTE
Found the following HTML validation problems:
RVineClarkeTest.html:56:32 (RVineClarkeTest.Rd:31): Warning: trimming empty <code>
RVineClarkeTest.html:68:32 (RVineClarkeTest.Rd:41): Warning: trimming empty <code>
Flavors: r-devel-linux-x86_64-debian-clang, r-devel-linux-x86_64-debian-gcc, r-devel-linux-x86_64-fedora-clang, r-devel-linux-x86_64-fedora-gcc, r-devel-windows-x86_64, r-patched-linux-x86_64, r-release-linux-x86_64, r-release-windows-x86_64
Version: 2.5.0
Check: Rd cross-references
Result: NOTE
Found the following Rd file(s) with Rd \link{} targets missing package
anchors:
BiCopKDE.Rd: wireframe
plot.BiCop.Rd: wireframe
Please provide package anchors for all Rd \link{} targets not in the
package itself and the base packages.
Flavors: r-devel-linux-x86_64-debian-gcc, r-devel-windows-x86_64
Version: 2.5.0
Check: Rd cross-references
Result: NOTE
Undeclared packages ‘foreach’, ‘copula’ in Rd xrefs
Flavor: r-devel-linux-x86_64-fedora-clang