Last updated on 2024-07-27 01:53:27 CEST.
Flavor | Version | Tinstall | Tcheck | Ttotal | Status | Flags |
---|---|---|---|---|---|---|
r-devel-linux-x86_64-debian-clang | 0.1.2 | 2.64 | 28.73 | 31.37 | OK | |
r-devel-linux-x86_64-debian-gcc | 0.1.2 | 1.75 | 21.69 | 23.44 | OK | |
r-devel-linux-x86_64-fedora-clang | 0.1.2 | 39.82 | NOTE | |||
r-devel-linux-x86_64-fedora-gcc | 0.1.2 | 36.80 | OK | |||
r-devel-windows-x86_64 | 0.1.2 | 4.00 | 44.00 | 48.00 | OK | |
r-patched-linux-x86_64 | 0.1.2 | OK | ||||
r-release-linux-x86_64 | 0.1.2 | 2.10 | 27.08 | 29.18 | OK | |
r-release-macos-arm64 | 0.1.2 | 16.00 | OK | |||
r-release-macos-x86_64 | 0.1.2 | 22.00 | OK | |||
r-release-windows-x86_64 | 0.1.2 | 3.00 | 44.00 | 47.00 | OK | |
r-oldrel-macos-arm64 | 0.1.2 | 19.00 | OK | |||
r-oldrel-macos-x86_64 | 0.1.2 | 27.00 | OK | |||
r-oldrel-windows-x86_64 | 0.1.2 | 3.00 | 49.00 | 52.00 | OK |
Version: 0.1.2
Check: Rd cross-references
Result: NOTE
Undeclared package ‘rms’ in Rd xrefs
Flavor: r-devel-linux-x86_64-fedora-clang