Last updated on 2024-07-27 01:53:27 CEST.
Flavor | Version | Tinstall | Tcheck | Ttotal | Status | Flags |
---|---|---|---|---|---|---|
r-devel-linux-x86_64-debian-clang | 0.1-7 | 3.05 | 29.59 | 32.64 | OK | |
r-devel-linux-x86_64-debian-gcc | 0.1-7 | 2.54 | 23.15 | 25.69 | OK | |
r-devel-linux-x86_64-fedora-clang | 0.1-7 | 41.31 | NOTE | |||
r-devel-linux-x86_64-fedora-gcc | 0.1-7 | 39.12 | OK | |||
r-devel-windows-x86_64 | 0.1-7 | 4.00 | 46.00 | 50.00 | OK | |
r-patched-linux-x86_64 | 0.1-7 | OK | ||||
r-release-linux-x86_64 | 0.1-7 | 2.59 | 28.85 | 31.44 | OK | |
r-release-macos-arm64 | 0.1-7 | 18.00 | OK | |||
r-release-macos-x86_64 | 0.1-7 | 26.00 | OK | |||
r-release-windows-x86_64 | 0.1-7 | 3.00 | 48.00 | 51.00 | OK | |
r-oldrel-macos-arm64 | 0.1-7 | 22.00 | OK | |||
r-oldrel-macos-x86_64 | 0.1-7 | 25.00 | OK | |||
r-oldrel-windows-x86_64 | 0.1-7 | 5.00 | 49.00 | 54.00 | OK |
Version: 0.1-7
Check: Rd cross-references
Result: NOTE
Undeclared package ‘RCurl’ in Rd xrefs
Flavor: r-devel-linux-x86_64-fedora-clang