Last updated on 2024-07-27 01:53:27 CEST.
Flavor | Version | Tinstall | Tcheck | Ttotal | Status | Flags |
---|---|---|---|---|---|---|
r-devel-linux-x86_64-debian-clang | 0.1.0 | 30.03 | 303.23 | 333.26 | NOTE | |
r-devel-linux-x86_64-debian-gcc | 0.1.0 | 27.54 | 218.15 | 245.69 | NOTE | |
r-devel-linux-x86_64-fedora-clang | 0.1.0 | 408.02 | NOTE | |||
r-devel-linux-x86_64-fedora-gcc | 0.1.0 | 379.98 | NOTE | |||
r-devel-windows-x86_64 | 0.1.0 | 25.00 | 184.00 | 209.00 | NOTE | |
r-patched-linux-x86_64 | 0.1.0 | NOTE | ||||
r-release-linux-x86_64 | 0.1.0 | 33.64 | 287.57 | 321.21 | NOTE | |
r-release-macos-arm64 | 0.1.0 | 81.00 | NOTE | |||
r-release-macos-x86_64 | 0.1.0 | 137.00 | NOTE | |||
r-release-windows-x86_64 | 0.1.0 | 25.00 | 182.00 | 207.00 | NOTE | |
r-oldrel-macos-arm64 | 0.1.0 | 90.00 | NOTE | |||
r-oldrel-macos-x86_64 | 0.1.0 | 180.00 | NOTE | |||
r-oldrel-windows-x86_64 | 0.1.0 | 34.00 | 242.00 | 276.00 | NOTE |
Version: 0.1.0
Check: LazyData
Result: NOTE
'LazyData' is specified without a 'data' directory
Flavors: r-devel-linux-x86_64-debian-clang, r-devel-linux-x86_64-debian-gcc, r-devel-linux-x86_64-fedora-clang, r-devel-linux-x86_64-fedora-gcc, r-devel-windows-x86_64, r-patched-linux-x86_64, r-release-linux-x86_64, r-release-macos-arm64, r-release-macos-x86_64, r-release-windows-x86_64, r-oldrel-macos-arm64, r-oldrel-macos-x86_64, r-oldrel-windows-x86_64