Last updated on 2024-07-27 01:53:27 CEST.
Flavor | Version | Tinstall | Tcheck | Ttotal | Status | Flags |
---|---|---|---|---|---|---|
r-devel-linux-x86_64-debian-clang | 1.72-5 | 85.40 | 469.03 | 554.43 | OK | |
r-devel-linux-x86_64-debian-gcc | 1.72-5 | 60.62 | 347.37 | 407.99 | NOTE | |
r-devel-linux-x86_64-fedora-clang | 1.72-5 | 691.89 | OK | |||
r-devel-linux-x86_64-fedora-gcc | 1.72-5 | 637.52 | OK | |||
r-devel-windows-x86_64 | 1.72-5 | 64.00 | 389.00 | 453.00 | NOTE | |
r-patched-linux-x86_64 | 1.72-5 | OK | ||||
r-release-linux-x86_64 | 1.72-5 | 47.38 | 447.35 | 494.73 | OK | |
r-release-macos-arm64 | 1.72-5 | 173.00 | NOTE | |||
r-release-macos-x86_64 | 1.72-5 | 299.00 | NOTE | |||
r-release-windows-x86_64 | 1.72-5 | 69.00 | 393.00 | 462.00 | OK | |
r-oldrel-macos-arm64 | 1.72-5 | 167.00 | NOTE | |||
r-oldrel-macos-x86_64 | 1.72-5 | 355.00 | NOTE | |||
r-oldrel-windows-x86_64 | 1.72-5 | 87.00 | 512.00 | 599.00 | OK |
Version: 1.72-5
Check: Rd cross-references
Result: NOTE
Found the following Rd file(s) with Rd \link{} targets missing package
anchors:
consensusCalculation.Rd: normalize.quantiles
empiricalBayesLM.Rd: rlm
Please provide package anchors for all Rd \link{} targets not in the
package itself and the base packages.
Flavors: r-devel-linux-x86_64-debian-gcc, r-devel-windows-x86_64
Version: 1.72-5
Check: package dependencies
Result: NOTE
Package suggested but not available for checking: ‘org.Mm.eg.db’
Flavors: r-release-macos-arm64, r-oldrel-macos-x86_64
Version: 1.72-5
Check: installed package size
Result: NOTE
installed size is 5.2Mb
sub-directories of 1Mb or more:
R 2.0Mb
libs 1.5Mb
Flavors: r-release-macos-arm64, r-release-macos-x86_64, r-oldrel-macos-arm64, r-oldrel-macos-x86_64