Last updated on 2025-11-15 03:50:36 CET.
| Flavor | Version | Tinstall | Tcheck | Ttotal | Status | Flags |
|---|---|---|---|---|---|---|
| r-devel-linux-x86_64-debian-clang | 2.1.3 | 89.03 | 87.79 | 176.82 | OK | |
| r-devel-linux-x86_64-debian-gcc | 2.1.3 | 65.16 | 62.32 | 127.48 | OK | |
| r-devel-linux-x86_64-fedora-clang | 2.1.3 | 119.00 | 177.62 | 296.62 | OK | |
| r-devel-linux-x86_64-fedora-gcc | 2.1.3 | 181.00 | 131.25 | 312.25 | OK | |
| r-devel-windows-x86_64 | 2.1.3 | 110.00 | 107.00 | 217.00 | OK | |
| r-patched-linux-x86_64 | 2.1.3 | 93.46 | 83.37 | 176.83 | OK | |
| r-release-linux-x86_64 | 2.1.3 | 89.07 | 83.50 | 172.57 | OK | |
| r-release-macos-arm64 | 2.1.3 | 34.00 | 38.00 | 72.00 | OK | |
| r-release-macos-x86_64 | 2.1.3 | 54.00 | 101.00 | 155.00 | OK | |
| r-release-windows-x86_64 | 2.1.3 | 100.00 | 108.00 | 208.00 | OK | |
| r-oldrel-macos-arm64 | 2.1.3 | 36.00 | 41.00 | 77.00 | NOTE | |
| r-oldrel-macos-x86_64 | 2.1.3 | 63.00 | 100.00 | 163.00 | NOTE | |
| r-oldrel-windows-x86_64 | 2.1.3 | 116.00 | 140.00 | 256.00 | OK |
Version: 2.1.3
Check: installed package size
Result: NOTE
installed size is 10.4Mb
sub-directories of 1Mb or more:
libs 10.1Mb
Flavors: r-oldrel-macos-arm64, r-oldrel-macos-x86_64