Last updated on 2025-02-19 01:51:07 CET.
Flavor | Version | Tinstall | Tcheck | Ttotal | Status | Flags |
---|---|---|---|---|---|---|
r-devel-linux-x86_64-debian-clang | 1.1 | 39.05 | 47.79 | 86.84 | NOTE | |
r-devel-linux-x86_64-debian-gcc | 1.1 | 29.97 | 36.25 | 66.22 | NOTE | |
r-devel-linux-x86_64-fedora-clang | 1.1 | 134.89 | OK | |||
r-devel-linux-x86_64-fedora-gcc | 1.1 | 131.52 | OK | |||
r-devel-macos-arm64 | 1.1 | 47.00 | OK | |||
r-devel-macos-x86_64 | 1.1 | 86.00 | OK | |||
r-devel-windows-x86_64 | 1.1 | 38.00 | 74.00 | 112.00 | OK | |
r-patched-linux-x86_64 | 1.1 | 36.83 | 43.43 | 80.26 | OK | |
r-release-linux-x86_64 | 1.1 | 36.30 | 43.87 | 80.17 | OK | |
r-release-macos-arm64 | 1.1 | 46.00 | OK | |||
r-release-macos-x86_64 | 1.1 | 69.00 | OK | |||
r-release-windows-x86_64 | 1.1 | 37.00 | 3.00 | 40.00 | FAIL | |
r-oldrel-macos-arm64 | 1.1 | 47.00 | OK | |||
r-oldrel-macos-x86_64 | 1.1 | 82.00 | OK | |||
r-oldrel-windows-x86_64 | 1.1 | 37.00 | 83.00 | 120.00 | OK |
Version: 1.1
Check: for unstated dependencies in ‘demo’
Result: NOTE
'library' or 'require' calls not declared from:
‘coda’ ‘dlm’ ‘maps’ ‘mgcv’ ‘mnormt’ ‘mvtnorm’ ‘randomForest’ ‘rpart’
‘rpart.plot’ ‘sensitivity’ ‘sp’ ‘spatial’ ‘tseries’
Flavors: r-devel-linux-x86_64-debian-clang, r-devel-linux-x86_64-debian-gcc
Version: 1.1
Check: package dependencies
Result: FAIL
Flavor: r-release-windows-x86_64