Last updated on 2024-07-27 01:53:06 CEST.
Flavor | Version | Tinstall | Tcheck | Ttotal | Status | Flags |
---|---|---|---|---|---|---|
r-devel-linux-x86_64-debian-clang | 2.2.1 | 9.94 | 229.00 | 238.94 | OK | |
r-devel-linux-x86_64-debian-gcc | 2.2.1 | 8.31 | 174.32 | 182.63 | NOTE | |
r-devel-linux-x86_64-fedora-clang | 2.2.1 | 301.85 | OK | |||
r-devel-linux-x86_64-fedora-gcc | 2.2.1 | 303.60 | OK | |||
r-devel-windows-x86_64 | 2.2.1 | 10.00 | 237.00 | 247.00 | NOTE | |
r-patched-linux-x86_64 | 2.2.1 | OK | ||||
r-release-linux-x86_64 | 2.2.1 | 11.15 | 217.04 | 228.19 | OK | |
r-release-macos-arm64 | 2.2.1 | 106.00 | OK | |||
r-release-macos-x86_64 | 2.2.1 | 190.00 | OK | |||
r-release-windows-x86_64 | 2.2.1 | 10.00 | 244.00 | 254.00 | OK | |
r-oldrel-macos-arm64 | 2.2.1 | 174.00 | OK | |||
r-oldrel-macos-x86_64 | 2.2.1 | 319.00 | OK | |||
r-oldrel-windows-x86_64 | 2.2.1 | 12.00 | 264.00 | 276.00 | OK |
Version: 2.2.1
Check: Rd cross-references
Result: NOTE
Found the following Rd file(s) with Rd \link{} targets missing package
anchors:
abc.Rd: nnet
cv4abc.Rd: nnet
cv4postpr.Rd: nnet
plot.abc.Rd: nnet
postpr.Rd: nnet, multinom
Please provide package anchors for all Rd \link{} targets not in the
package itself and the base packages.
Flavors: r-devel-linux-x86_64-debian-gcc, r-devel-windows-x86_64