Last updated on 2025-11-20 03:50:00 CET.
| Flavor | Version | Tinstall | Tcheck | Ttotal | Status | Flags |
|---|---|---|---|---|---|---|
| r-devel-linux-x86_64-debian-clang | 1.0.1 | 2.58 | 26.61 | 29.19 | OK | |
| r-devel-linux-x86_64-debian-gcc | 1.0.1 | 2.20 | 21.44 | 23.64 | OK | |
| r-devel-linux-x86_64-fedora-clang | 1.0.1 | 43.00 | OK | |||
| r-devel-linux-x86_64-fedora-gcc | 1.0.1 | 40.96 | OK | |||
| r-devel-windows-x86_64 | 1.0.1 | 7.00 | 43.00 | 50.00 | OK | |
| r-patched-linux-x86_64 | 1.0.1 | 2.71 | 24.81 | 27.52 | OK | |
| r-release-linux-x86_64 | 1.0.1 | 2.20 | 24.63 | 26.83 | OK | |
| r-release-macos-arm64 | 1.0.1 | OK | ||||
| r-release-macos-x86_64 | 1.0.1 | 3.00 | 26.00 | 29.00 | OK | |
| r-release-windows-x86_64 | 1.0.1 | 7.00 | 44.00 | 51.00 | OK | |
| r-oldrel-macos-arm64 | 1.0.1 | NOTE | ||||
| r-oldrel-macos-x86_64 | 1.0.1 | 3.00 | 23.00 | 26.00 | NOTE | |
| r-oldrel-windows-x86_64 | 1.0.1 | 7.00 | 53.00 | 60.00 | NOTE |
Version: 1.0.1
Check: installed package size
Result: NOTE
installed size is 11.7Mb
sub-directories of 1Mb or more:
htmlwidgets 11.6Mb
Flavors: r-oldrel-macos-arm64, r-oldrel-macos-x86_64, r-oldrel-windows-x86_64
Version: 1.0.1
Check: LazyData
Result: NOTE
'LazyData' is specified without a 'data' directory
Flavors: r-oldrel-macos-arm64, r-oldrel-macos-x86_64, r-oldrel-windows-x86_64