Last updated on 2024-07-27 01:53:06 CEST.
Flavor | Version | Tinstall | Tcheck | Ttotal | Status | Flags |
---|---|---|---|---|---|---|
r-devel-linux-x86_64-debian-clang | 0.1.5 | 15.99 | 146.02 | 162.01 | OK | |
r-devel-linux-x86_64-debian-gcc | 0.1.5 | 12.23 | 106.96 | 119.19 | NOTE | |
r-devel-linux-x86_64-fedora-clang | 0.1.5 | 202.18 | OK | |||
r-devel-linux-x86_64-fedora-gcc | 0.1.5 | 256.01 | OK | |||
r-devel-windows-x86_64 | 0.1.5 | 15.00 | 126.00 | 141.00 | NOTE | |
r-patched-linux-x86_64 | 0.1.5 | OK | ||||
r-release-linux-x86_64 | 0.1.5 | 10.53 | 137.30 | 147.83 | OK | |
r-release-macos-arm64 | 0.1.5 | 82.00 | OK | |||
r-release-macos-x86_64 | 0.1.5 | 126.00 | OK | |||
r-release-windows-x86_64 | 0.1.5 | 14.00 | 125.00 | 139.00 | OK | |
r-oldrel-macos-arm64 | 0.1.5 | 92.00 | OK | |||
r-oldrel-macos-x86_64 | 0.1.5 | 149.00 | OK | |||
r-oldrel-windows-x86_64 | 0.1.5 | 21.00 | 151.00 | 172.00 | OK |
Version: 0.1.5
Check: Rd cross-references
Result: NOTE
Found the following Rd file(s) with Rd \link{} targets missing package
anchors:
adjustIntercept.Rd: cpglm, cpglmm, data.table
findbars.Rd: mkRespMod, mkReTrms, nlformula, subbars
plotRE.Rd: ggplot2, ggplot
weights-actuaRE.Rd: cpglm
Please provide package anchors for all Rd \link{} targets not in the
package itself and the base packages.
Flavors: r-devel-linux-x86_64-debian-gcc, r-devel-windows-x86_64