Last updated on 2025-11-16 01:49:08 CET.
| Flavor | Version | Tinstall | Tcheck | Ttotal | Status | Flags |
|---|---|---|---|---|---|---|
| r-devel-linux-x86_64-debian-clang | 1.0.1 | 299.19 | 67.75 | 366.94 | OK | |
| r-devel-linux-x86_64-debian-gcc | 1.0.1 | 202.82 | 54.75 | 257.57 | OK | |
| r-devel-linux-x86_64-fedora-clang | 1.0.1 | 1560.00 | -675.73 | 884.27 | NOTE | |
| r-devel-linux-x86_64-fedora-gcc | 1.0.1 | 780.00 | 15.83 | 795.83 | NOTE | |
| r-devel-windows-x86_64 | 1.0.1 | 286.00 | 125.00 | 411.00 | OK | |
| r-patched-linux-x86_64 | 1.0.1 | 244.64 | 66.38 | 311.02 | OK | |
| r-release-linux-x86_64 | 1.0.1 | 250.13 | 65.91 | 316.04 | OK | |
| r-release-macos-arm64 | 1.0.1 | 187.00 | 37.00 | 224.00 | OK | |
| r-release-macos-x86_64 | 1.0.1 | 364.00 | 68.00 | 432.00 | OK | |
| r-release-windows-x86_64 | 1.0.1 | 180.00 | 121.00 | 301.00 | OK | |
| r-oldrel-macos-arm64 | 1.0.1 | 178.00 | 48.00 | 226.00 | NOTE | |
| r-oldrel-macos-x86_64 | 1.0.1 | 322.00 | 76.00 | 398.00 | NOTE | |
| r-oldrel-windows-x86_64 | 1.0.1 | 226.00 | 161.00 | 387.00 | OK |
Version: 1.0.1
Check: dependencies in R code
Result: NOTE
Namespaces in Imports field not imported from:
‘lefko3’ ‘rlang’
All declared Imports should be used.
Flavors: r-devel-linux-x86_64-fedora-clang, r-devel-linux-x86_64-fedora-gcc
Version: 1.0.1
Check: installed package size
Result: NOTE
installed size is 39.4Mb
sub-directories of 1Mb or more:
libs 38.3Mb
Flavors: r-oldrel-macos-arm64, r-oldrel-macos-x86_64