Last updated on 2024-07-27 01:53:06 CEST.
Flavor | Version | Tinstall | Tcheck | Ttotal | Status | Flags |
---|---|---|---|---|---|---|
r-devel-linux-x86_64-debian-clang | 0.3.0 | 4.70 | 58.65 | 63.35 | NOTE | |
r-devel-linux-x86_64-debian-gcc | 0.3.0 | 4.04 | 45.10 | 49.14 | NOTE | |
r-devel-linux-x86_64-fedora-clang | 0.3.0 | 86.43 | NOTE | |||
r-devel-linux-x86_64-fedora-gcc | 0.3.0 | 89.14 | NOTE | |||
r-devel-windows-x86_64 | 0.3.0 | 7.00 | 64.00 | 71.00 | NOTE | |
r-patched-linux-x86_64 | 0.3.0 | NOTE | ||||
r-release-linux-x86_64 | 0.3.0 | 6.11 | 57.16 | 63.27 | NOTE | |
r-release-macos-arm64 | 0.3.0 | 33.00 | NOTE | |||
r-release-macos-x86_64 | 0.3.0 | 50.00 | NOTE | |||
r-release-windows-x86_64 | 0.3.0 | 6.00 | 64.00 | 70.00 | NOTE | |
r-oldrel-macos-arm64 | 0.3.0 | 35.00 | NOTE | |||
r-oldrel-macos-x86_64 | 0.3.0 | 53.00 | NOTE | |||
r-oldrel-windows-x86_64 | 0.3.0 | 8.00 | 73.00 | 81.00 | NOTE |
Version: 0.3.0
Check: LazyData
Result: NOTE
'LazyData' is specified without a 'data' directory
Flavors: r-devel-linux-x86_64-debian-clang, r-devel-linux-x86_64-debian-gcc, r-devel-linux-x86_64-fedora-clang, r-devel-linux-x86_64-fedora-gcc, r-devel-windows-x86_64, r-patched-linux-x86_64, r-release-linux-x86_64, r-release-macos-arm64, r-release-macos-x86_64, r-release-windows-x86_64, r-oldrel-macos-arm64, r-oldrel-macos-x86_64, r-oldrel-windows-x86_64