Last updated on 2024-07-27 01:53:06 CEST.
Flavor | Version | Tinstall | Tcheck | Ttotal | Status | Flags |
---|---|---|---|---|---|---|
r-devel-linux-x86_64-debian-clang | 0.3-23 | 35.70 | 453.77 | 489.47 | OK | |
r-devel-linux-x86_64-debian-gcc | 0.3-23 | 29.12 | 328.25 | 357.37 | NOTE | |
r-devel-linux-x86_64-fedora-clang | 0.3-23 | 654.77 | OK | |||
r-devel-linux-x86_64-fedora-gcc | 0.3-23 | 630.63 | OK | |||
r-devel-windows-x86_64 | 0.3-23 | 34.00 | 331.00 | 365.00 | NOTE | |
r-patched-linux-x86_64 | 0.3-23 | OK | ||||
r-release-linux-x86_64 | 0.3-23 | 22.71 | 438.39 | 461.10 | OK | |
r-release-macos-arm64 | 0.3-23 | 181.00 | OK | |||
r-release-macos-x86_64 | 0.3-23 | 280.00 | OK | |||
r-release-windows-x86_64 | 0.3-23 | 33.00 | 324.00 | 357.00 | OK | |
r-oldrel-macos-arm64 | 0.3-23 | 199.00 | OK | |||
r-oldrel-macos-x86_64 | 0.3-23 | 292.00 | OK | |||
r-oldrel-windows-x86_64 | 0.3-23 | 44.00 | 425.00 | 469.00 | OK |
Version: 0.3-23
Check: Rd cross-references
Result: NOTE
Found the following Rd file(s) with Rd \link{} targets missing package
anchors:
ScotchWhiskey.Rd: SpatialPointsDataFrame-class, nb2listw,
SpatialLinesDataFrame-class, dist.binary
constr.hclust.Rd: tri2nb, nb2listw
envspace.test.Rd: varpart
Please provide package anchors for all Rd \link{} targets not in the
package itself and the base packages.
Flavors: r-devel-linux-x86_64-debian-gcc, r-devel-windows-x86_64