Last updated on 2025-05-07 01:49:48 CEST.
Flavor | Version | Tinstall | Tcheck | Ttotal | Status | Flags |
---|---|---|---|---|---|---|
r-devel-linux-x86_64-debian-clang | 2.2.1 | 33.74 | 195.00 | 228.74 | NOTE | |
r-devel-linux-x86_64-debian-gcc | 2.2.1 | 21.72 | 129.04 | 150.76 | NOTE | |
r-devel-linux-x86_64-fedora-clang | 2.2.1 | 351.32 | OK | |||
r-devel-linux-x86_64-fedora-gcc | 2.2.1 | 332.23 | OK | |||
r-devel-windows-x86_64 | 2.2.1 | 31.00 | 190.00 | 221.00 | OK | |
r-patched-linux-x86_64 | 2.2.1 | 29.95 | 180.22 | 210.17 | OK | |
r-release-linux-x86_64 | 2.2.1 | 30.77 | 178.81 | 209.58 | OK | |
r-release-macos-arm64 | 2.2.1 | 83.00 | OK | |||
r-release-macos-x86_64 | 2.2.1 | 148.00 | OK | |||
r-release-windows-x86_64 | 2.2.1 | 31.00 | 194.00 | 225.00 | OK | |
r-oldrel-macos-arm64 | 2.2.1 | 82.00 | OK | |||
r-oldrel-macos-x86_64 | 2.2.1 | 126.00 | OK | |||
r-oldrel-windows-x86_64 | 2.2.1 | 43.00 | 248.00 | 291.00 | OK |
Version: 2.2.1
Check: CRAN incoming feasibility
Result: NOTE
Maintainer: ‘Sandrine Pavoine <sandrine.pavoine@mnhn.fr>’
No Authors@R field in DESCRIPTION.
Please add one, modifying
Authors@R: person(given = "Sandrine",
family = "Pavoine",
role = c("aut", "cre"),
email = "sandrine.pavoine@mnhn.fr")
as necessary.
Flavors: r-devel-linux-x86_64-debian-clang, r-devel-linux-x86_64-debian-gcc