Last updated on 2025-11-19 01:48:40 CET.
| Flavor | Version | Tinstall | Tcheck | Ttotal | Status | Flags |
|---|---|---|---|---|---|---|
| r-devel-linux-x86_64-debian-clang | 1.0 | 57.57 | 67.35 | 124.92 | OK | |
| r-devel-linux-x86_64-debian-gcc | 1.0 | 33.34 | 49.03 | 82.37 | OK | |
| r-devel-linux-x86_64-fedora-clang | 1.0 | 86.00 | 105.96 | 191.96 | OK | |
| r-devel-linux-x86_64-fedora-gcc | 1.0 | 117.00 | 74.24 | 191.24 | OK | |
| r-devel-windows-x86_64 | 1.0 | 54.00 | 91.00 | 145.00 | OK | |
| r-patched-linux-x86_64 | 1.0 | 50.53 | 64.17 | 114.70 | OK | |
| r-release-linux-x86_64 | 1.0 | 45.87 | 64.79 | 110.66 | OK | |
| r-release-macos-arm64 | 1.0 | 27.00 | 37.00 | 64.00 | OK | |
| r-release-macos-x86_64 | 1.0 | 59.00 | 86.00 | 145.00 | OK | |
| r-release-windows-x86_64 | 1.0 | 51.00 | 94.00 | 145.00 | OK | |
| r-oldrel-macos-arm64 | 1.0 | 23.00 | 31.00 | 54.00 | NOTE | |
| r-oldrel-macos-x86_64 | 1.0 | 29.00 | 44.00 | 73.00 | NOTE | |
| r-oldrel-windows-x86_64 | 1.0 | 67.00 | 116.00 | 183.00 | OK |
Version: 1.0
Check: installed package size
Result: NOTE
installed size is 6.3Mb
sub-directories of 1Mb or more:
libs 6.1Mb
Flavors: r-oldrel-macos-arm64, r-oldrel-macos-x86_64