Last updated on 2024-07-27 01:53:06 CEST.
Flavor | Version | Tinstall | Tcheck | Ttotal | Status | Flags |
---|---|---|---|---|---|---|
r-devel-linux-x86_64-debian-clang | 0.6.9 | 40.73 | 213.86 | 254.59 | OK | |
r-devel-linux-x86_64-debian-gcc | 0.6.9 | 29.49 | 158.67 | 188.16 | OK | |
r-devel-linux-x86_64-fedora-clang | 0.6.9 | 343.37 | OK | |||
r-devel-linux-x86_64-fedora-gcc | 0.6.9 | 329.94 | OK | |||
r-devel-windows-x86_64 | 0.6.9 | 37.00 | 186.00 | 223.00 | OK | |
r-patched-linux-x86_64 | 0.6.9 | OK | ||||
r-release-linux-x86_64 | 0.6.9 | 26.48 | 200.40 | 226.88 | OK | |
r-release-macos-arm64 | 0.6.9 | 96.00 | OK | |||
r-release-macos-x86_64 | 0.6.9 | 144.00 | OK | |||
r-release-windows-x86_64 | 0.6.9 | 42.00 | 182.00 | 224.00 | OK | |
r-oldrel-macos-arm64 | 0.6.9 | 80.00 | NOTE | |||
r-oldrel-macos-x86_64 | 0.6.9 | 166.00 | NOTE | |||
r-oldrel-windows-x86_64 | 0.6.9 | 49.00 | 236.00 | 285.00 | OK |
Version: 0.6.9
Check: package dependencies
Result: NOTE
Packages suggested but not available for checking: 'HiTC', 'snpStats'
Flavor: r-oldrel-macos-arm64
Version: 0.6.9
Check: Rd cross-references
Result: NOTE
Package unavailable to check Rd xrefs: ‘snpStats’
Flavor: r-oldrel-macos-arm64
Version: 0.6.9
Check: package dependencies
Result: NOTE
Package suggested but not available for checking: ‘HiTC’
Flavor: r-oldrel-macos-x86_64