Last updated on 2025-02-15 02:48:43 CET.
Flavor | Version | Tinstall | Tcheck | Ttotal | Status | Flags |
---|---|---|---|---|---|---|
r-devel-linux-x86_64-debian-clang | 0.1.0 | 4.29 | 37.17 | 41.46 | OK | |
r-devel-linux-x86_64-debian-gcc | 0.1.0 | 2.94 | 28.10 | 31.04 | OK | |
r-devel-linux-x86_64-fedora-clang | 0.1.0 | 68.00 | OK | |||
r-devel-linux-x86_64-fedora-gcc | 0.1.0 | 62.18 | OK | |||
r-devel-windows-x86_64 | 0.1.0 | 6.00 | 54.00 | 60.00 | OK | |
r-patched-linux-x86_64 | 0.1.0 | 3.65 | 34.58 | 38.23 | NOTE | |
r-release-linux-x86_64 | 0.1.0 | 3.56 | 35.25 | 38.81 | NOTE | |
r-release-macos-arm64 | 0.1.0 | 24.00 | NOTE | |||
r-release-macos-x86_64 | 0.1.0 | 37.00 | NOTE | |||
r-release-windows-x86_64 | 0.1.0 | 6.00 | 57.00 | 63.00 | NOTE | |
r-oldrel-macos-arm64 | 0.1.0 | 25.00 | NOTE | |||
r-oldrel-macos-x86_64 | 0.1.0 | 31.00 | NOTE | |||
r-oldrel-windows-x86_64 | 0.1.0 | 8.00 | 61.00 | 69.00 | NOTE |
Version: 0.1.0
Check: LazyData
Result: NOTE
'LazyData' is specified without a 'data' directory
Flavors: r-patched-linux-x86_64, r-release-linux-x86_64, r-release-macos-arm64, r-release-macos-x86_64, r-release-windows-x86_64, r-oldrel-macos-arm64, r-oldrel-macos-x86_64, r-oldrel-windows-x86_64