Last updated on 2024-07-27 01:53:06 CEST.
Flavor | Version | Tinstall | Tcheck | Ttotal | Status | Flags |
---|---|---|---|---|---|---|
r-devel-linux-x86_64-debian-clang | 1.1.2 | 32.61 | 167.71 | 200.32 | NOTE | |
r-devel-linux-x86_64-debian-gcc | 1.1.2 | 25.03 | 129.34 | 154.37 | NOTE | |
r-devel-linux-x86_64-fedora-clang | 1.1.2 | 270.66 | NOTE | |||
r-devel-linux-x86_64-fedora-gcc | 1.1.2 | 239.29 | NOTE | |||
r-devel-windows-x86_64 | 1.1.2 | 16.00 | 129.00 | 145.00 | NOTE | |
r-patched-linux-x86_64 | 1.1.2 | NOTE | ||||
r-release-linux-x86_64 | 1.1.2 | 20.53 | 168.21 | 188.74 | NOTE | |
r-release-macos-arm64 | 1.1.2 | 61.00 | NOTE | |||
r-release-macos-x86_64 | 1.1.2 | 87.00 | NOTE | |||
r-release-windows-x86_64 | 1.1.2 | 17.00 | 128.00 | 145.00 | NOTE | |
r-oldrel-macos-arm64 | 1.1.2 | 54.00 | NOTE | |||
r-oldrel-macos-x86_64 | 1.1.2 | 84.00 | NOTE | |||
r-oldrel-windows-x86_64 | 1.1.2 | 22.00 | 154.00 | 176.00 | NOTE |
Version: 1.1.2
Check: LazyData
Result: NOTE
'LazyData' is specified without a 'data' directory
Flavors: r-devel-linux-x86_64-debian-clang, r-devel-linux-x86_64-debian-gcc, r-devel-linux-x86_64-fedora-clang, r-devel-linux-x86_64-fedora-gcc, r-devel-windows-x86_64, r-patched-linux-x86_64, r-release-linux-x86_64, r-release-macos-arm64, r-release-macos-x86_64, r-release-windows-x86_64, r-oldrel-macos-arm64, r-oldrel-macos-x86_64, r-oldrel-windows-x86_64