Last updated on 2025-05-24 01:51:14 CEST.
Flavor | Version | Tinstall | Tcheck | Ttotal | Status | Flags |
---|---|---|---|---|---|---|
r-devel-linux-x86_64-debian-clang | 0.2.4 | 4.29 | 37.15 | 41.44 | NOTE | |
r-devel-linux-x86_64-debian-gcc | 0.2.4 | 3.16 | 28.35 | 31.51 | NOTE | |
r-devel-linux-x86_64-fedora-clang | 0.2.4 | 65.15 | NOTE | |||
r-devel-linux-x86_64-fedora-gcc | 0.2.4 | 59.28 | NOTE | |||
r-devel-windows-x86_64 | 0.2.4 | 5.00 | 58.00 | 63.00 | NOTE | |
r-patched-linux-x86_64 | 0.2.4 | 3.49 | 35.65 | 39.14 | NOTE | |
r-release-linux-x86_64 | 0.2.4 | 3.91 | 35.71 | 39.62 | NOTE | |
r-release-macos-arm64 | 0.2.4 | 27.00 | NOTE | |||
r-release-macos-x86_64 | 0.2.4 | 44.00 | NOTE | |||
r-release-windows-x86_64 | 0.2.4 | 6.00 | 82.00 | 88.00 | NOTE | |
r-oldrel-macos-arm64 | 0.2.4 | 24.00 | OK | |||
r-oldrel-macos-x86_64 | 0.2.4 | 32.00 | OK | |||
r-oldrel-windows-x86_64 | 0.2.4 | 7.00 | 63.00 | 70.00 | OK |
Version: 0.2.4
Check: DESCRIPTION meta-information
Result: NOTE
Missing dependency on R >= 4.1.0 because package code uses the pipe
|> or function shorthand \(...) syntax added in R 4.1.0.
File(s) using such syntax:
‘am_data.Rd’
Flavors: r-devel-linux-x86_64-debian-clang, r-devel-linux-x86_64-debian-gcc, r-devel-linux-x86_64-fedora-clang, r-devel-linux-x86_64-fedora-gcc, r-devel-windows-x86_64, r-patched-linux-x86_64, r-release-linux-x86_64, r-release-macos-arm64, r-release-macos-x86_64, r-release-windows-x86_64