Last updated on 2025-05-04 02:49:59 CEST.
Flavor | Version | Tinstall | Tcheck | Ttotal | Status | Flags |
---|---|---|---|---|---|---|
r-devel-linux-x86_64-debian-clang | 1.42.12 | 2.29 | 35.15 | 37.44 | NOTE | |
r-devel-linux-x86_64-debian-gcc | 1.42.12 | 1.83 | 26.96 | 28.79 | NOTE | |
r-devel-linux-x86_64-fedora-clang | 1.42.12 | 58.84 | OK | |||
r-devel-linux-x86_64-fedora-gcc | 1.42.12 | 71.17 | OK | |||
r-devel-windows-x86_64 | 1.42.12 | 3.00 | 82.00 | 85.00 | OK | |
r-patched-linux-x86_64 | 1.42.12 | 2.85 | 34.01 | 36.86 | OK | |
r-release-linux-x86_64 | OK | |||||
r-release-macos-arm64 | 1.42.12 | 33.00 | OK | |||
r-release-macos-x86_64 | 1.42.12 | 54.00 | OK | |||
r-release-windows-x86_64 | 1.42.12 | 3.00 | 86.00 | 89.00 | OK | |
r-oldrel-macos-arm64 | 1.42.12 | 36.00 | OK | |||
r-oldrel-macos-x86_64 | 1.42.12 | 42.00 | OK | |||
r-oldrel-windows-x86_64 | 1.42.12 | 4.00 | 82.00 | 86.00 | OK |
Version: 1.42.12
Check: CRAN incoming feasibility
Result: NOTE
Maintainer: ‘Didier Ruedin <didier.ruedin@unine.ch>’
No Authors@R field in DESCRIPTION.
Please add one, modifying
Authors@R: person(given = "Didier",
family = "Ruedin",
role = c("ctb", "aut", "cre"),
email = "didier.ruedin@unine.ch")
as necessary.
Flavors: r-devel-linux-x86_64-debian-clang, r-devel-linux-x86_64-debian-gcc