Last updated on 2025-11-08 01:50:02 CET.
| Flavor | Version | Tinstall | Tcheck | Ttotal | Status | Flags |
|---|---|---|---|---|---|---|
| r-devel-linux-x86_64-debian-clang | 0.2.1 | 1.57 | 17.47 | 19.04 | NOTE | |
| r-devel-linux-x86_64-debian-gcc | 0.2.1 | 1.37 | 14.50 | 15.87 | NOTE | |
| r-devel-linux-x86_64-fedora-clang | 0.2.1 | 26.30 | NOTE | |||
| r-devel-linux-x86_64-fedora-gcc | 0.2.1 | 25.69 | NOTE | |||
| r-devel-windows-x86_64 | 0.2.1 | 3.00 | 37.00 | 40.00 | NOTE | |
| r-patched-linux-x86_64 | 0.2.1 | 1.77 | 15.27 | 17.04 | OK | |
| r-release-linux-x86_64 | 0.2.1 | 1.33 | 15.40 | 16.73 | OK | |
| r-release-macos-arm64 | 0.2.1 | 1.00 | 13.00 | 14.00 | OK | |
| r-release-macos-x86_64 | 0.2.1 | 2.00 | 20.00 | 22.00 | OK | |
| r-release-windows-x86_64 | 0.2.1 | 3.00 | 35.00 | 38.00 | OK | |
| r-oldrel-macos-arm64 | 0.2.1 | 1.00 | 17.00 | 18.00 | OK | |
| r-oldrel-macos-x86_64 | 0.2.1 | 2.00 | 18.00 | 20.00 | OK | |
| r-oldrel-windows-x86_64 | 0.2.1 | 5.00 | 40.00 | 45.00 | OK |
Version: 0.2.1
Check: Rd files
Result: NOTE
checkRd: (-1) lumped_daily.Rd:110: height/width attributes should be in pixels
Flavors: r-devel-linux-x86_64-debian-clang, r-devel-linux-x86_64-debian-gcc, r-devel-linux-x86_64-fedora-clang, r-devel-linux-x86_64-fedora-gcc, r-devel-windows-x86_64