Last updated on 2024-07-27 01:53:06 CEST.
Flavor | Version | Tinstall | Tcheck | Ttotal | Status | Flags |
---|---|---|---|---|---|---|
r-devel-linux-x86_64-debian-clang | 1.3.0 | 72.83 | 679.51 | 752.34 | NOTE | |
r-devel-linux-x86_64-debian-gcc | 1.3.0 | 53.30 | 513.71 | 567.01 | NOTE | |
r-devel-linux-x86_64-fedora-clang | 1.3.0 | 1003.53 | NOTE | |||
r-devel-linux-x86_64-fedora-gcc | 1.3.0 | 964.05 | NOTE | |||
r-devel-windows-x86_64 | 1.3.0 | 58.00 | 620.00 | 678.00 | NOTE | |
r-patched-linux-x86_64 | 1.3.0 | NOTE | ||||
r-release-linux-x86_64 | 1.3.0 | 42.91 | 646.82 | 689.73 | NOTE | |
r-release-macos-arm64 | 1.3.0 | 250.00 | NOTE | |||
r-release-macos-x86_64 | 1.3.0 | 390.00 | NOTE | |||
r-release-windows-x86_64 | 1.3.0 | 61.00 | 625.00 | 686.00 | NOTE | |
r-oldrel-macos-arm64 | 1.3.0 | 235.00 | OK | |||
r-oldrel-macos-x86_64 | 1.3.0 | 560.00 | OK | |||
r-oldrel-windows-x86_64 | 1.3.0 | 75.00 | 752.00 | 827.00 | OK |
Version: 1.3.0
Check: Rd files
Result: NOTE
checkRd: (-1) buildPhylipLineage.Rd:61: Lost braces; missing escapes or markup?
61 | names with the format {"Inferred1", "Inferred2", ...}.
| ^
Flavors: r-devel-linux-x86_64-debian-clang, r-devel-linux-x86_64-debian-gcc, r-devel-linux-x86_64-fedora-clang, r-devel-linux-x86_64-fedora-gcc, r-devel-windows-x86_64, r-patched-linux-x86_64, r-release-linux-x86_64, r-release-macos-arm64, r-release-macos-x86_64, r-release-windows-x86_64
Version: 1.3.0
Check: Rd cross-references
Result: NOTE
Found the following Rd file(s) with Rd \link{} targets missing package
anchors:
gridPlot.Rd: ggplot
plotAbundanceCurve.Rd: ggplot
plotDiversityCurve.Rd: ggplot
plotDiversityTest.Rd: ggplot
Please provide package anchors for all Rd \link{} targets not in the
package itself and the base packages.
Flavors: r-devel-linux-x86_64-debian-gcc, r-devel-windows-x86_64