Last updated on 2024-07-27 01:53:06 CEST.
Flavor | Version | Tinstall | Tcheck | Ttotal | Status | Flags |
---|---|---|---|---|---|---|
r-devel-linux-x86_64-debian-clang | 0.2.3 | 10.57 | 179.55 | 190.12 | NOTE | |
r-devel-linux-x86_64-debian-gcc | 0.2.3 | 7.69 | 133.24 | 140.93 | NOTE | |
r-devel-linux-x86_64-fedora-clang | 0.2.3 | 239.96 | NOTE | |||
r-devel-linux-x86_64-fedora-gcc | 0.2.3 | 236.51 | NOTE | |||
r-devel-windows-x86_64 | 0.2.3 | 10.00 | 155.00 | 165.00 | NOTE | |
r-patched-linux-x86_64 | 0.2.3 | NOTE | ||||
r-release-linux-x86_64 | 0.2.3 | 6.98 | 168.82 | 175.80 | NOTE | |
r-release-macos-arm64 | 0.2.3 | 71.00 | NOTE | |||
r-release-macos-x86_64 | 0.2.3 | 112.00 | NOTE | |||
r-release-windows-x86_64 | 0.2.3 | 10.00 | 155.00 | 165.00 | NOTE | |
r-oldrel-macos-arm64 | 0.2.3 | 81.00 | OK | |||
r-oldrel-macos-x86_64 | 0.2.3 | 148.00 | OK | |||
r-oldrel-windows-x86_64 | 0.2.3 | 14.00 | 186.00 | 200.00 | OK |
Version: 0.2.3
Check: Rd files
Result: NOTE
checkRd: (-1) allestimates.Rd:25: Lost braces in \itemize; meant \describe ?
checkRd: (-1) allestimates.Rd:26: Lost braces in \itemize; meant \describe ?
checkRd: (-1) allestimates.Rd:27: Lost braces in \itemize; meant \describe ?
checkRd: (-1) allestimates.Rd:28: Lost braces in \itemize; meant \describe ?
Flavors: r-devel-linux-x86_64-debian-clang, r-devel-linux-x86_64-debian-gcc, r-devel-linux-x86_64-fedora-clang, r-devel-linux-x86_64-fedora-gcc, r-devel-windows-x86_64, r-patched-linux-x86_64, r-release-linux-x86_64, r-release-macos-arm64, r-release-macos-x86_64, r-release-windows-x86_64