Last updated on 2025-02-19 01:50:42 CET.
Flavor | Version | Tinstall | Tcheck | Ttotal | Status | Flags |
---|---|---|---|---|---|---|
r-devel-linux-x86_64-debian-clang | 0.5 | 1.45 | 19.33 | 20.78 | OK | |
r-devel-linux-x86_64-debian-gcc | 0.5 | 1.32 | 15.07 | 16.39 | OK | |
r-devel-linux-x86_64-fedora-clang | 0.5 | 34.13 | OK | |||
r-devel-linux-x86_64-fedora-gcc | 0.5 | 33.12 | OK | |||
r-devel-macos-arm64 | 0.5 | 16.00 | OK | |||
r-devel-macos-x86_64 | 0.5 | 37.00 | OK | |||
r-devel-windows-x86_64 | 0.5 | 3.00 | 42.00 | 45.00 | OK | |
r-patched-linux-x86_64 | 0.5 | 1.59 | 18.18 | 19.77 | OK | |
r-release-linux-x86_64 | 0.5 | 1.45 | 18.21 | 19.66 | OK | |
r-release-macos-arm64 | 0.5 | 21.00 | OK | |||
r-release-macos-x86_64 | 0.5 | 54.00 | OK | |||
r-release-windows-x86_64 | 0.5 | 2.00 | 3.00 | 5.00 | FAIL | |
r-oldrel-macos-arm64 | 0.5 | 22.00 | OK | |||
r-oldrel-macos-x86_64 | 0.5 | 31.00 | OK | |||
r-oldrel-windows-x86_64 | 0.5 | 2.00 | 66.00 | 68.00 | OK |
Version: 0.5
Check: package dependencies
Result: FAIL
Flavor: r-release-windows-x86_64