CRAN Package Check Results for Package altadata

Last updated on 2025-11-16 01:49:08 CET.

Flavor Version Tinstall Tcheck Ttotal Status Flags
r-devel-linux-x86_64-debian-clang 0.1.1 1.16 19.47 20.63 OK
r-devel-linux-x86_64-debian-gcc 0.1.1 1.41 16.42 17.83 OK
r-devel-linux-x86_64-fedora-clang 0.1.1 31.05 OK
r-devel-linux-x86_64-fedora-gcc 0.1.1 29.48 OK
r-devel-windows-x86_64 0.1.1 6.00 40.00 46.00 OK
r-patched-linux-x86_64 0.1.1 2.01 18.30 20.31 OK
r-release-linux-x86_64 0.1.1 1.80 18.48 20.28 OK
r-release-macos-arm64 0.1.1 1.00 15.00 16.00 OK
r-release-macos-x86_64 0.1.1 2.00 22.00 24.00 OK
r-release-windows-x86_64 0.1.1 4.00 46.00 50.00 OK
r-oldrel-macos-arm64 0.1.1 1.00 13.00 14.00 NOTE
r-oldrel-macos-x86_64 0.1.1 1.00 17.00 18.00 NOTE
r-oldrel-windows-x86_64 0.1.1 4.00 46.00 50.00 NOTE

Check Details

Version: 0.1.1
Check: LazyData
Result: NOTE 'LazyData' is specified without a 'data' directory Flavors: r-oldrel-macos-arm64, r-oldrel-macos-x86_64, r-oldrel-windows-x86_64