CRAN Package Check Results for Package amelie

Last updated on 2025-05-05 01:50:40 CEST.

Flavor Version Tinstall Tcheck Ttotal Status Flags
r-devel-linux-x86_64-debian-clang 0.2.1 1.96 23.84 25.80 OK
r-devel-linux-x86_64-debian-gcc 0.2.1 1.36 19.27 20.63 OK
r-devel-linux-x86_64-fedora-clang 0.2.1 41.41 OK
r-devel-linux-x86_64-fedora-gcc 0.2.1 54.27 OK
r-devel-windows-x86_64 0.2.1 3.00 45.00 48.00 OK
r-patched-linux-x86_64 0.2.1 1.81 23.14 24.95 OK
r-release-linux-x86_64 0.2.1 1.71 23.04 24.75 OK
r-release-macos-arm64 0.2.1 23.00 OK
r-release-macos-x86_64 0.2.1 43.00 OK
r-release-windows-x86_64 0.2.1 4.00 45.00 49.00 OK
r-oldrel-macos-arm64 0.2.1 27.00 NOTE
r-oldrel-macos-x86_64 0.2.1 34.00 NOTE
r-oldrel-windows-x86_64 0.2.1 3.00 52.00 55.00 NOTE

Check Details

Version: 0.2.1
Check: LazyData
Result: NOTE 'LazyData' is specified without a 'data' directory Flavors: r-oldrel-macos-arm64, r-oldrel-macos-x86_64, r-oldrel-windows-x86_64