Last updated on 2024-07-27 01:53:06 CEST.
Flavor | Version | Tinstall | Tcheck | Ttotal | Status | Flags |
---|---|---|---|---|---|---|
r-devel-linux-x86_64-debian-clang | 1.0-2 | 14.81 | 187.43 | 202.24 | OK | |
r-devel-linux-x86_64-debian-gcc | 1.0-2 | 13.50 | 136.44 | 149.94 | NOTE | |
r-devel-linux-x86_64-fedora-clang | 1.0-2 | 254.66 | OK | |||
r-devel-linux-x86_64-fedora-gcc | 1.0-2 | 246.99 | OK | |||
r-devel-windows-x86_64 | 1.0-2 | 18.00 | 130.00 | 148.00 | NOTE | |
r-patched-linux-x86_64 | 1.0-2 | OK | ||||
r-release-linux-x86_64 | 1.0-2 | 10.43 | 176.67 | 187.10 | OK | |
r-release-macos-arm64 | 1.0-2 | 66.00 | OK | |||
r-release-macos-x86_64 | 1.0-2 | 105.00 | OK | |||
r-release-windows-x86_64 | 1.0-2 | 17.00 | 131.00 | 148.00 | OK | |
r-oldrel-macos-arm64 | 1.0-2 | 86.00 | OK | |||
r-oldrel-macos-x86_64 | 1.0-2 | 218.00 | OK | |||
r-oldrel-windows-x86_64 | 1.0-2 | 21.00 | 165.00 | 186.00 | OK |
Version: 1.0-2
Check: Rd cross-references
Result: NOTE
Found the following Rd file(s) with Rd \link{} targets missing package
anchors:
ammiBayes.conf.plot.Rd: lattice
ammiBayes.mean.plot.Rd: lattice
Please provide package anchors for all Rd \link{} targets not in the
package itself and the base packages.
Flavors: r-devel-linux-x86_64-debian-gcc, r-devel-windows-x86_64