Last updated on 2025-11-16 01:49:08 CET.
| Flavor | Version | Tinstall | Tcheck | Ttotal | Status | Flags |
|---|---|---|---|---|---|---|
| r-devel-linux-x86_64-debian-clang | 0.1.7 | 3.81 | 34.85 | 38.66 | OK | |
| r-devel-linux-x86_64-debian-gcc | 0.1.7 | 2.74 | 26.36 | 29.10 | OK | |
| r-devel-linux-x86_64-fedora-clang | 0.1.7 | 23.00 | 41.27 | 64.27 | OK | |
| r-devel-linux-x86_64-fedora-gcc | 0.1.7 | 56.01 | OK | |||
| r-devel-windows-x86_64 | 0.1.7 | 8.00 | 50.00 | 58.00 | OK | |
| r-patched-linux-x86_64 | 0.1.7 | 4.22 | 32.64 | 36.86 | OK | |
| r-release-linux-x86_64 | 0.1.7 | 3.51 | 33.05 | 36.56 | OK | |
| r-release-macos-arm64 | 0.1.7 | 2.00 | 23.00 | 25.00 | OK | |
| r-release-macos-x86_64 | 0.1.7 | 4.00 | 30.00 | 34.00 | OK | |
| r-release-windows-x86_64 | 0.1.7 | 6.00 | 50.00 | 56.00 | OK | |
| r-oldrel-macos-arm64 | 0.1.7 | 2.00 | 19.00 | 21.00 | OK | |
| r-oldrel-macos-x86_64 | 0.1.7 | 3.00 | 26.00 | 29.00 | OK | |
| r-oldrel-windows-x86_64 | 0.1.7 | 8.00 | 56.00 | 64.00 | NOTE |
Version: 0.1.7
Check: package dependencies
Result: NOTE
Package suggested but not available for checking: 'apaTables'
Flavor: r-oldrel-windows-x86_64