Last updated on 2024-07-27 01:53:06 CEST.
Flavor | Version | Tinstall | Tcheck | Ttotal | Status | Flags |
---|---|---|---|---|---|---|
r-devel-linux-x86_64-debian-clang | 1.0.6 | 18.79 | 166.28 | 185.07 | OK | |
r-devel-linux-x86_64-debian-gcc | 1.0.6 | 14.35 | 121.99 | 136.34 | NOTE | |
r-devel-linux-x86_64-fedora-clang | 1.0.6 | 250.16 | OK | |||
r-devel-linux-x86_64-fedora-gcc | 1.0.6 | 251.00 | OK | |||
r-devel-windows-x86_64 | 1.0.6 | 20.00 | 126.00 | 146.00 | NOTE | |
r-patched-linux-x86_64 | 1.0.6 | OK | ||||
r-release-linux-x86_64 | 1.0.6 | 18.84 | 156.32 | 175.16 | OK | |
r-release-macos-arm64 | 1.0.6 | 63.00 | OK | |||
r-release-macos-x86_64 | 1.0.6 | 122.00 | OK | |||
r-release-windows-x86_64 | 1.0.6 | 18.00 | 128.00 | 146.00 | OK | |
r-oldrel-macos-arm64 | 1.0.6 | 72.00 | OK | |||
r-oldrel-macos-x86_64 | 1.0.6 | 142.00 | OK | |||
r-oldrel-windows-x86_64 | 1.0.6 | 23.00 | 158.00 | 181.00 | OK |
Version: 1.0.6
Check: Rd cross-references
Result: NOTE
Found the following Rd file(s) with Rd \link{} targets missing package
anchors:
multidna2alignment.Rd: as.alignment
multidna2genind.Rd: genind-class, DNAbin2genind
multidna2multiphyDat.Rd: DNAbin2genind
plot-multidna-method.Rd: image.DNAbin
Please provide package anchors for all Rd \link{} targets not in the
package itself and the base packages.
Flavors: r-devel-linux-x86_64-debian-gcc, r-devel-windows-x86_64