Last updated on 2024-07-27 01:53:06 CEST.
Flavor | Version | Tinstall | Tcheck | Ttotal | Status | Flags |
---|---|---|---|---|---|---|
r-devel-linux-x86_64-debian-clang | 0.1.0 | 454.33 | 27.87 | 482.20 | NOTE | |
r-devel-linux-x86_64-debian-gcc | 0.1.0 | 355.50 | 21.34 | 376.84 | NOTE | |
r-devel-linux-x86_64-fedora-clang | 0.1.0 | 747.43 | NOTE | |||
r-devel-linux-x86_64-fedora-gcc | 0.1.0 | 734.55 | NOTE | |||
r-devel-windows-x86_64 | 0.1.0 | 272.00 | 59.00 | 331.00 | NOTE | |
r-patched-linux-x86_64 | 0.1.0 | OK | ||||
r-release-linux-x86_64 | 0.1.0 | 327.11 | 26.62 | 353.73 | OK | |
r-release-macos-arm64 | 0.1.0 | 151.00 | NOTE | |||
r-release-macos-x86_64 | 0.1.0 | 210.00 | NOTE | |||
r-release-windows-x86_64 | 0.1.0 | 264.00 | 60.00 | 324.00 | OK | |
r-oldrel-macos-arm64 | 0.1.0 | 152.00 | NOTE | |||
r-oldrel-macos-x86_64 | 0.1.0 | 296.00 | NOTE | |||
r-oldrel-windows-x86_64 | 0.1.0 | 322.00 | 67.00 | 389.00 | OK |
Version: 0.1.0
Check: compiled code
Result: NOTE
File ‘arcgisplaces/libs/arcgisplaces.so’:
Found non-API calls to R: ‘PRCODE’, ‘PRENV’
Compiled code should not call non-API entry points in R.
See ‘Writing portable packages’ in the ‘Writing R Extensions’ manual,
and section ‘Moving into C API compliance’ for issues with the use of
non-API entry points.
Flavors: r-devel-linux-x86_64-debian-clang, r-devel-linux-x86_64-debian-gcc, r-devel-linux-x86_64-fedora-clang, r-devel-linux-x86_64-fedora-gcc
Version: 0.1.0
Check: installed package size
Result: NOTE
installed size is 7.6Mb
sub-directories of 1Mb or more:
libs 7.4Mb
Flavors: r-devel-linux-x86_64-fedora-clang, r-release-macos-arm64, r-release-macos-x86_64, r-oldrel-macos-arm64, r-oldrel-macos-x86_64
Version: 0.1.0
Check: compiled code
Result: NOTE
File 'arcgisplaces/libs/x64/arcgisplaces.dll':
Found non-API calls to R: 'PRCODE', 'PRENV'
Compiled code should not call non-API entry points in R.
See 'Writing portable packages' in the 'Writing R Extensions' manual,
and section 'Moving into C API compliance' for issues with the use of
non-API entry points.
Flavor: r-devel-windows-x86_64